{"id":22,"date":"2022-04-22T08:22:08","date_gmt":"2022-04-22T08:22:08","guid":{"rendered":"https:\/\/www.tc26-bijoux.com\/?page_id=22"},"modified":"2025-04-09T10:55:13","modified_gmt":"2025-04-09T10:55:13","slug":"contact","status":"publish","type":"page","link":"https:\/\/www.tc26-bijoux.com\/?page_id=22","title":{"rendered":"Contact"},"content":{"rendered":"","protected":false},"excerpt":{"rendered":"","protected":false},"author":1,"featured_media":0,"parent":0,"menu_order":0,"comment_status":"open","ping_status":"closed","template":"","meta":{"_seopress_robots_primary_cat":"","_seopress_titles_title":"Contactez-nous - Bijoux TC26 \u00c9clat et \u00c9l\u00e9gance","_seopress_titles_desc":"Besoin d'aide ou de conseils sur nos bijoux ? Contactez-nous d\u00e8s maintenant via notre formulaire en ligne. Consultation rapide et personnalis\u00e9e !","_seopress_robots_index":"","_seopress_analysis_target_kw":"","iawp_total_views":335,"footnotes":""},"class_list":["post-22","page","type-page","status-publish","hentry"],"_links":{"self":[{"href":"https:\/\/www.tc26-bijoux.com\/index.php?rest_route=\/wp\/v2\/pages\/22","targetHints":{"allow":["GET"]}}],"collection":[{"href":"https:\/\/www.tc26-bijoux.com\/index.php?rest_route=\/wp\/v2\/pages"}],"about":[{"href":"https:\/\/www.tc26-bijoux.com\/index.php?rest_route=\/wp\/v2\/types\/page"}],"author":[{"embeddable":true,"href":"https:\/\/www.tc26-bijoux.com\/index.php?rest_route=\/wp\/v2\/users\/1"}],"replies":[{"embeddable":true,"href":"https:\/\/www.tc26-bijoux.com\/index.php?rest_route=%2Fwp%2Fv2%2Fcomments&post=22"}],"version-history":[{"count":0,"href":"https:\/\/www.tc26-bijoux.com\/index.php?rest_route=\/wp\/v2\/pages\/22\/revisions"}],"wp:attachment":[{"href":"https:\/\/www.tc26-bijoux.com\/index.php?rest_route=%2Fwp%2Fv2%2Fmedia&parent=22"}],"curies":[{"name":"wp","href":"https:\/\/api.w.org\/{rel}","templated":true}]}}