{"id":20965,"date":"2025-03-11T15:34:09","date_gmt":"2025-03-11T14:34:09","guid":{"rendered":"https:\/\/www.tc26-bijoux.com\/?post_type=product&#038;p=20965"},"modified":"2025-03-21T13:10:57","modified_gmt":"2025-03-21T12:10:57","slug":"demie-alliance-or-18-carats-et-diamants-daniela","status":"publish","type":"product","link":"https:\/\/www.tc26-bijoux.com\/?product=demie-alliance-or-18-carats-et-diamants-daniela","title":{"rendered":"Demie- Alliance Or 18 Carats et Diamants Daniela"},"content":{"rendered":"<p>La demi-alliance Daniela en or 18 carats est un bijou d&rsquo;une beaut\u00e9 intemporelle. Elle est sertie de 4 diamants scintillants, avec un poids total de 0.45, 0.75 ou 1.40 carats, selon votre pr\u00e9f\u00e9rence. La bande de la bague a une largeur de 1.8, 2.1 ou 2.1 mm, offrant diff\u00e9rentes options pour s&rsquo;adapter \u00e0 votre style et \u00e0 votre confort. Que ce soit pour un anniversaire, une demande en mariage ou simplement pour c\u00e9l\u00e9brer un moment sp\u00e9cial, la demi-alliance Daniela est le choix id\u00e9al pour ajouter une touche d&rsquo;\u00e9clat et d&rsquo;\u00e9l\u00e9gance \u00e0 votre doigt.<\/p>\n","protected":false},"excerpt":{"rendered":"<p>Mati\u00e8re\u00a0: Or \u00a018 Carats<\/p>\n<p>Couleur m\u00e9tal\u00a0: Blanc\u00a0<\/p>\n<p>Nature des\u00a0Pierres\u00a0: Diamants\u00a0<\/p>\n<p>Couleur : G<\/p>\n<p>Puret\u00e9 Diamants\u00a0\u00a0: VS<\/p>\n<p>Poids total\u00a0\u00a0\u00a0: \u00a00.45\u00a0\/\u00a0 0.75 \/ 1.40\u00a0 Carats<\/p>\n<p>Nombre de Pierres\u00a0\u00a0: 4\u00a0Diamants\u00a0\u00a0<\/p>\n<p>Largeur de la bande\u00a0: 1.8\u00a0\u00a0\/ 2.1 \/ 2.1\u00a0 mm<\/p>\n<p>R\u00e9f\u00e9rence\u00a0: XYR11799 \/ XYR1197 \/ XYR11826<\/p>\n","protected":false},"featured_media":11303,"template":"","meta":{"_seopress_robots_primary_cat":"","_seopress_titles_title":"","_seopress_titles_desc":"","_seopress_robots_index":"","_seopress_analysis_target_kw":"","iawp_total_views":12},"product_brand":[],"product_cat":[120],"product_tag":[],"class_list":{"0":"post-20965","1":"product","2":"type-product","3":"status-publish","4":"has-post-thumbnail","6":"product_cat-alliances-or-diamants","8":"first","9":"instock","10":"shipping-taxable","11":"purchasable","12":"product-type-variable"},"_links":{"self":[{"href":"https:\/\/www.tc26-bijoux.com\/index.php?rest_route=\/wp\/v2\/product\/20965","targetHints":{"allow":["GET"]}}],"collection":[{"href":"https:\/\/www.tc26-bijoux.com\/index.php?rest_route=\/wp\/v2\/product"}],"about":[{"href":"https:\/\/www.tc26-bijoux.com\/index.php?rest_route=\/wp\/v2\/types\/product"}],"wp:featuredmedia":[{"embeddable":true,"href":"https:\/\/www.tc26-bijoux.com\/index.php?rest_route=\/wp\/v2\/media\/11303"}],"wp:attachment":[{"href":"https:\/\/www.tc26-bijoux.com\/index.php?rest_route=%2Fwp%2Fv2%2Fmedia&parent=20965"}],"wp:term":[{"taxonomy":"product_brand","embeddable":true,"href":"https:\/\/www.tc26-bijoux.com\/index.php?rest_route=%2Fwp%2Fv2%2Fproduct_brand&post=20965"},{"taxonomy":"product_cat","embeddable":true,"href":"https:\/\/www.tc26-bijoux.com\/index.php?rest_route=%2Fwp%2Fv2%2Fproduct_cat&post=20965"},{"taxonomy":"product_tag","embeddable":true,"href":"https:\/\/www.tc26-bijoux.com\/index.php?rest_route=%2Fwp%2Fv2%2Fproduct_tag&post=20965"}],"curies":[{"name":"wp","href":"https:\/\/api.w.org\/{rel}","templated":true}]}}