{"id":21915,"date":"2025-03-11T15:37:58","date_gmt":"2025-03-11T14:37:58","guid":{"rendered":"https:\/\/www.tc26-bijoux.com\/?post_type=product&#038;p=21915"},"modified":"2025-03-21T13:13:19","modified_gmt":"2025-03-21T12:13:19","slug":"alliance-or-18-carats-et-diamants-florentine","status":"publish","type":"product","link":"https:\/\/www.tc26-bijoux.com\/?product=alliance-or-18-carats-et-diamants-florentine","title":{"rendered":"Alliance Or 18 Carats et Diamants Florentine"},"content":{"rendered":"<p>L&rsquo;alliance Florentine est une v\u00e9ritable \u0153uvre d&rsquo;art en or 18 carats, magnifiquement sertie de diamants baguettes d&rsquo;une qualit\u00e9 exceptionnelle GVS. Cette demi-alliance d\u00e9gage une aura d&rsquo;\u00e9l\u00e9gance et de sophistication, avec ses diamants \u00e9tincelants qui scintillent \u00e0 chaque mouvement. C&rsquo;est un symbole parfait pour repr\u00e9senter un amour durable et une union pr\u00e9cieuse. Que ce soit pour c\u00e9l\u00e9brer un mariage, un anniversaire ou tout simplement pour faire plaisir \u00e0 votre bien-aim\u00e9(e), cette alliance est le choix id\u00e9al pour ajouter une touche de luxe et de beaut\u00e9 \u00e0 votre vie.<\/p>\n","protected":false},"excerpt":{"rendered":"<p>Matiere: Or 18 Carats<\/p>\n<p>Nature des Pierres :Diamants Baguettes<\/p>\n<p>Couleur et Purete :Gvs<\/p>\n<p>Demi-Alliance<\/p>\n","protected":false},"featured_media":14251,"template":"","meta":{"_seopress_robots_primary_cat":"","_seopress_titles_title":"","_seopress_titles_desc":"","_seopress_robots_index":"","_seopress_analysis_target_kw":"","iawp_total_views":28},"product_brand":[],"product_cat":[120],"product_tag":[],"class_list":{"0":"post-21915","1":"product","2":"type-product","3":"status-publish","4":"has-post-thumbnail","6":"product_cat-alliances-or-diamants","8":"first","9":"instock","10":"shipping-taxable","11":"purchasable","12":"product-type-variable"},"_links":{"self":[{"href":"https:\/\/www.tc26-bijoux.com\/index.php?rest_route=\/wp\/v2\/product\/21915","targetHints":{"allow":["GET"]}}],"collection":[{"href":"https:\/\/www.tc26-bijoux.com\/index.php?rest_route=\/wp\/v2\/product"}],"about":[{"href":"https:\/\/www.tc26-bijoux.com\/index.php?rest_route=\/wp\/v2\/types\/product"}],"wp:featuredmedia":[{"embeddable":true,"href":"https:\/\/www.tc26-bijoux.com\/index.php?rest_route=\/wp\/v2\/media\/14251"}],"wp:attachment":[{"href":"https:\/\/www.tc26-bijoux.com\/index.php?rest_route=%2Fwp%2Fv2%2Fmedia&parent=21915"}],"wp:term":[{"taxonomy":"product_brand","embeddable":true,"href":"https:\/\/www.tc26-bijoux.com\/index.php?rest_route=%2Fwp%2Fv2%2Fproduct_brand&post=21915"},{"taxonomy":"product_cat","embeddable":true,"href":"https:\/\/www.tc26-bijoux.com\/index.php?rest_route=%2Fwp%2Fv2%2Fproduct_cat&post=21915"},{"taxonomy":"product_tag","embeddable":true,"href":"https:\/\/www.tc26-bijoux.com\/index.php?rest_route=%2Fwp%2Fv2%2Fproduct_tag&post=21915"}],"curies":[{"name":"wp","href":"https:\/\/api.w.org\/{rel}","templated":true}]}}