{"id":22205,"date":"2025-03-11T15:39:12","date_gmt":"2025-03-11T14:39:12","guid":{"rendered":"https:\/\/www.tc26-bijoux.com\/?post_type=product&#038;p=22205"},"modified":"2025-03-21T13:13:43","modified_gmt":"2025-03-21T12:13:43","slug":"demie-alliance-diamants-et-or-18-carats-rephaela","status":"publish","type":"product","link":"https:\/\/www.tc26-bijoux.com\/?product=demie-alliance-diamants-et-or-18-carats-rephaela","title":{"rendered":"Demie-Alliance Diamants et Or 18 Carats Rephaela"},"content":{"rendered":"<p>La demi-alliance Rephaela en diamants et or 18 carats est une pi\u00e8ce \u00e9l\u00e9gante et luxueuse. Disponible dans diff\u00e9rents poids totaux, vous avez le choix entre 1.00, 1.50 et 2.00 carats. Cette demi-alliance est orn\u00e9e de cinq magnifiques diamants qui ajoutent une brillance \u00e9tincelante \u00e0 votre doigt. Que vous cherchiez un look subtil avec un poids total de 1.00 carat, ou une apparence plus audacieuse avec un poids total de 1.50 ou 2.00 carats, cette demi-alliance apportera une touche de sophistication et de glamour \u00e0 votre style.<\/p>\n","protected":false},"excerpt":{"rendered":"<p>Mati\u00e8re\u00a0: Or 18 Carats<\/p>\n<p>Couleur m\u00e9tal\u00a0: Blanc\u00a0<\/p>\n<p>Nature des\u00a0Pierres\u00a0: Diamants\u00a0<\/p>\n<p>Couleur : G<\/p>\n<p>Puret\u00e9 Diamants\u00a0\u00a0: VS<\/p>\n<p>Poids total\u00a0\u00a0\u00a0:\u00a0 1.00\u00a0\/\u00a0 1.50\u00a0\u00a0\/ 2.00\u00a0 Carats<\/p>\n<p>Nombre de Pierres\u00a0\u00a0: 5\u00a0Diamants\u00a0\u00a0<\/p>\n<p>Largeur de la bande\u00a0: 2.1\u00a0 \/ 2.5\u00a0\/ 2.6\u00a0 mm<\/p>\n<p>R\u00e9f\u00e9rence\u00a0: XYR6299 \/ XYR6298 \/ XYR6592<\/p>\n","protected":false},"featured_media":11304,"template":"","meta":{"_seopress_robots_primary_cat":"","_seopress_titles_title":"","_seopress_titles_desc":"","_seopress_robots_index":"","_seopress_analysis_target_kw":"","iawp_total_views":2},"product_brand":[],"product_cat":[120],"product_tag":[],"class_list":{"0":"post-22205","1":"product","2":"type-product","3":"status-publish","4":"has-post-thumbnail","6":"product_cat-alliances-or-diamants","8":"first","9":"instock","10":"shipping-taxable","11":"purchasable","12":"product-type-variable"},"_links":{"self":[{"href":"https:\/\/www.tc26-bijoux.com\/index.php?rest_route=\/wp\/v2\/product\/22205","targetHints":{"allow":["GET"]}}],"collection":[{"href":"https:\/\/www.tc26-bijoux.com\/index.php?rest_route=\/wp\/v2\/product"}],"about":[{"href":"https:\/\/www.tc26-bijoux.com\/index.php?rest_route=\/wp\/v2\/types\/product"}],"wp:featuredmedia":[{"embeddable":true,"href":"https:\/\/www.tc26-bijoux.com\/index.php?rest_route=\/wp\/v2\/media\/11304"}],"wp:attachment":[{"href":"https:\/\/www.tc26-bijoux.com\/index.php?rest_route=%2Fwp%2Fv2%2Fmedia&parent=22205"}],"wp:term":[{"taxonomy":"product_brand","embeddable":true,"href":"https:\/\/www.tc26-bijoux.com\/index.php?rest_route=%2Fwp%2Fv2%2Fproduct_brand&post=22205"},{"taxonomy":"product_cat","embeddable":true,"href":"https:\/\/www.tc26-bijoux.com\/index.php?rest_route=%2Fwp%2Fv2%2Fproduct_cat&post=22205"},{"taxonomy":"product_tag","embeddable":true,"href":"https:\/\/www.tc26-bijoux.com\/index.php?rest_route=%2Fwp%2Fv2%2Fproduct_tag&post=22205"}],"curies":[{"name":"wp","href":"https:\/\/api.w.org\/{rel}","templated":true}]}}