{"id":23498,"date":"2025-03-11T16:24:16","date_gmt":"2025-03-11T15:24:16","guid":{"rendered":"https:\/\/www.tc26-bijoux.com\/?post_type=product&#038;p=23498"},"modified":"2025-03-21T13:14:08","modified_gmt":"2025-03-21T12:14:08","slug":"alliance-or-rose-ceylna","status":"publish","type":"product","link":"https:\/\/www.tc26-bijoux.com\/?product=alliance-or-rose-ceylna","title":{"rendered":"Alliance Or rose Ceylna"},"content":{"rendered":"<p>La bague \u00ab\u00a0Ceylna\u00a0\u00bb en or 18 carats est une magnifique pi\u00e8ce avec un \u00e9l\u00e9gant ton rose. Elle est sertie de diamants \u00e9tincelants qui ajoutent une touche de brillance et de sophistication. La bague est fabriqu\u00e9e en or 18 carats, un mat\u00e9riau pr\u00e9cieux et durable qui r\u00e9siste \u00e0 l&rsquo;\u00e9preuve du temps. Avec son design raffin\u00e9 et sa couleur  rose, la bague \u00ab\u00a0Ceylna\u00a0\u00bb apporte une touche de f\u00e9minit\u00e9 et d&rsquo;\u00e9l\u00e9gance \u00e0 toute tenue. Que ce soit pour une occasion sp\u00e9ciale ou pour tous les jours, cette bague est un choix parfait pour celles qui appr\u00e9cient la beaut\u00e9 intemporelle des diamants et l&rsquo;\u00e9clat d\u00e9licat de l&rsquo;or rose.<\/p>\n","protected":false},"excerpt":{"rendered":"<p>La bague \u00ab\u00a0Ceylna\u00a0\u00bb en or 18 carats est une magnifique pi\u00e8ce avec un \u00e9l\u00e9gant ton rose. Elle est sertie de diamants \u00e9tincelants qui ajoutent une touche<span class=\"excerpt-hellip\"> [\u2026]<\/span><\/p>\n","protected":false},"featured_media":12828,"template":"","meta":{"_seopress_robots_primary_cat":"","_seopress_titles_title":"","_seopress_titles_desc":"","_seopress_robots_index":"","_seopress_analysis_target_kw":"","iawp_total_views":14},"product_brand":[],"product_cat":[79],"product_tag":[],"class_list":{"0":"post-23498","1":"product","2":"type-product","3":"status-publish","4":"has-post-thumbnail","6":"product_cat-alliances-or","8":"first","9":"instock","10":"shipping-taxable","11":"purchasable","12":"product-type-variable"},"_links":{"self":[{"href":"https:\/\/www.tc26-bijoux.com\/index.php?rest_route=\/wp\/v2\/product\/23498","targetHints":{"allow":["GET"]}}],"collection":[{"href":"https:\/\/www.tc26-bijoux.com\/index.php?rest_route=\/wp\/v2\/product"}],"about":[{"href":"https:\/\/www.tc26-bijoux.com\/index.php?rest_route=\/wp\/v2\/types\/product"}],"wp:featuredmedia":[{"embeddable":true,"href":"https:\/\/www.tc26-bijoux.com\/index.php?rest_route=\/wp\/v2\/media\/12828"}],"wp:attachment":[{"href":"https:\/\/www.tc26-bijoux.com\/index.php?rest_route=%2Fwp%2Fv2%2Fmedia&parent=23498"}],"wp:term":[{"taxonomy":"product_brand","embeddable":true,"href":"https:\/\/www.tc26-bijoux.com\/index.php?rest_route=%2Fwp%2Fv2%2Fproduct_brand&post=23498"},{"taxonomy":"product_cat","embeddable":true,"href":"https:\/\/www.tc26-bijoux.com\/index.php?rest_route=%2Fwp%2Fv2%2Fproduct_cat&post=23498"},{"taxonomy":"product_tag","embeddable":true,"href":"https:\/\/www.tc26-bijoux.com\/index.php?rest_route=%2Fwp%2Fv2%2Fproduct_tag&post=23498"}],"curies":[{"name":"wp","href":"https:\/\/api.w.org\/{rel}","templated":true}]}}