{"id":23757,"date":"2025-03-11T16:24:59","date_gmt":"2025-03-11T15:24:59","guid":{"rendered":"https:\/\/www.tc26-bijoux.com\/?post_type=product&#038;p=23757"},"modified":"2025-03-21T13:14:34","modified_gmt":"2025-03-21T12:14:34","slug":"alliance-or-blanc-lina","status":"publish","type":"product","link":"https:\/\/www.tc26-bijoux.com\/?product=alliance-or-blanc-lina","title":{"rendered":"Alliance Or blanc Lina"},"content":{"rendered":"<p>L&rsquo;alliance Lina en or 18 carats  est un bijou d&rsquo;une \u00e9l\u00e9gance remarquable, disponible dans les options de couleur blanc, jaune et rose. L&rsquo;or 18 carats lui conf\u00e8re une durabilit\u00e9 et une qualit\u00e9 exceptionnelles. Que vous pr\u00e9f\u00e9riez le blanc classique, le jaune chaleureux ou le rose romantique, l&rsquo;alliance Lina est un choix polyvalent qui s&rsquo;harmonisera parfaitement avec votre style personnel. Que ce soit pour symboliser votre engagement ou pour c\u00e9l\u00e9brer une occasion sp\u00e9ciale, cette alliance Lina est le symbole ultime de l&rsquo;amour et de l&rsquo;\u00e9l\u00e9gance intemporelle.<\/p>\n","protected":false},"excerpt":{"rendered":"<p>Mati\u00e8re : Or 18 Carats<\/p>\n<p>Couleur m\u00e9tal : Blanc\/Jaune\/Rose<\/p>\n<p>R\u00e9f\u00e9rence :DJ25GB<\/p>\n","protected":false},"featured_media":12791,"template":"","meta":{"_seopress_robots_primary_cat":"","_seopress_titles_title":"","_seopress_titles_desc":"","_seopress_robots_index":"","_seopress_analysis_target_kw":"","iawp_total_views":4},"product_brand":[],"product_cat":[79],"product_tag":[],"class_list":{"0":"post-23757","1":"product","2":"type-product","3":"status-publish","4":"has-post-thumbnail","6":"product_cat-alliances-or","8":"first","9":"instock","10":"shipping-taxable","11":"purchasable","12":"product-type-variable"},"_links":{"self":[{"href":"https:\/\/www.tc26-bijoux.com\/index.php?rest_route=\/wp\/v2\/product\/23757","targetHints":{"allow":["GET"]}}],"collection":[{"href":"https:\/\/www.tc26-bijoux.com\/index.php?rest_route=\/wp\/v2\/product"}],"about":[{"href":"https:\/\/www.tc26-bijoux.com\/index.php?rest_route=\/wp\/v2\/types\/product"}],"wp:featuredmedia":[{"embeddable":true,"href":"https:\/\/www.tc26-bijoux.com\/index.php?rest_route=\/wp\/v2\/media\/12791"}],"wp:attachment":[{"href":"https:\/\/www.tc26-bijoux.com\/index.php?rest_route=%2Fwp%2Fv2%2Fmedia&parent=23757"}],"wp:term":[{"taxonomy":"product_brand","embeddable":true,"href":"https:\/\/www.tc26-bijoux.com\/index.php?rest_route=%2Fwp%2Fv2%2Fproduct_brand&post=23757"},{"taxonomy":"product_cat","embeddable":true,"href":"https:\/\/www.tc26-bijoux.com\/index.php?rest_route=%2Fwp%2Fv2%2Fproduct_cat&post=23757"},{"taxonomy":"product_tag","embeddable":true,"href":"https:\/\/www.tc26-bijoux.com\/index.php?rest_route=%2Fwp%2Fv2%2Fproduct_tag&post=23757"}],"curies":[{"name":"wp","href":"https:\/\/api.w.org\/{rel}","templated":true}]}}