{"id":23794,"date":"2025-03-11T16:25:05","date_gmt":"2025-03-11T15:25:05","guid":{"rendered":"https:\/\/www.tc26-bijoux.com\/?post_type=product&#038;p=23794"},"modified":"2025-03-21T13:14:40","modified_gmt":"2025-03-21T12:14:40","slug":"alliance-or-rose-nani","status":"publish","type":"product","link":"https:\/\/www.tc26-bijoux.com\/?product=alliance-or-rose-nani","title":{"rendered":"Alliance Or rose Nani"},"content":{"rendered":"<p>L&rsquo;alliance Or 18 Carats Nani est disponible dans une combinaison de couleurs \u00e9l\u00e9gantes : le rose, le jaune et le rose. Fabriqu\u00e9e en or 18 carats, cette alliance pr\u00e9sente une allure raffin\u00e9e et luxueuse. Que ce soit en tant que symbole d&rsquo;amour et d&rsquo;engagement ou en tant qu&rsquo;accessoire de mode, cette alliance sera un choix remarquable. Son design sophistiqu\u00e9 et son artisanat de qualit\u00e9 en font un bijou intemporel qui ajoutera une touche d&rsquo;\u00e9l\u00e9gance \u00e0 votre style.<\/p>\n","protected":false},"excerpt":{"rendered":"<p>Mati\u00e8re : Or 18 Carats<\/p>\n<p>Couleur m\u00e9tal : Rose\/ Jaune\/Rose<\/p>\n<p>R\u00e9f\u00e9rence :DJ25RB<\/p>\n","protected":false},"featured_media":12792,"template":"","meta":{"_seopress_robots_primary_cat":"","_seopress_titles_title":"","_seopress_titles_desc":"","_seopress_robots_index":"","_seopress_analysis_target_kw":"","iawp_total_views":2},"product_brand":[],"product_cat":[79],"product_tag":[],"class_list":{"0":"post-23794","1":"product","2":"type-product","3":"status-publish","4":"has-post-thumbnail","6":"product_cat-alliances-or","8":"first","9":"instock","10":"shipping-taxable","11":"purchasable","12":"product-type-variable"},"_links":{"self":[{"href":"https:\/\/www.tc26-bijoux.com\/index.php?rest_route=\/wp\/v2\/product\/23794","targetHints":{"allow":["GET"]}}],"collection":[{"href":"https:\/\/www.tc26-bijoux.com\/index.php?rest_route=\/wp\/v2\/product"}],"about":[{"href":"https:\/\/www.tc26-bijoux.com\/index.php?rest_route=\/wp\/v2\/types\/product"}],"wp:featuredmedia":[{"embeddable":true,"href":"https:\/\/www.tc26-bijoux.com\/index.php?rest_route=\/wp\/v2\/media\/12792"}],"wp:attachment":[{"href":"https:\/\/www.tc26-bijoux.com\/index.php?rest_route=%2Fwp%2Fv2%2Fmedia&parent=23794"}],"wp:term":[{"taxonomy":"product_brand","embeddable":true,"href":"https:\/\/www.tc26-bijoux.com\/index.php?rest_route=%2Fwp%2Fv2%2Fproduct_brand&post=23794"},{"taxonomy":"product_cat","embeddable":true,"href":"https:\/\/www.tc26-bijoux.com\/index.php?rest_route=%2Fwp%2Fv2%2Fproduct_cat&post=23794"},{"taxonomy":"product_tag","embeddable":true,"href":"https:\/\/www.tc26-bijoux.com\/index.php?rest_route=%2Fwp%2Fv2%2Fproduct_tag&post=23794"}],"curies":[{"name":"wp","href":"https:\/\/api.w.org\/{rel}","templated":true}]}}