{"id":24016,"date":"2025-03-11T16:25:43","date_gmt":"2025-03-11T15:25:43","guid":{"rendered":"https:\/\/www.tc26-bijoux.com\/?post_type=product&#038;p=24016"},"modified":"2025-03-21T13:15:03","modified_gmt":"2025-03-21T12:15:03","slug":"alliance-or-rose-capucine","status":"publish","type":"product","link":"https:\/\/www.tc26-bijoux.com\/?product=alliance-or-rose-capucine","title":{"rendered":"Alliance Or rose Capucine"},"content":{"rendered":"<p>L&rsquo;alliance \u00ab\u00a0Eli\u00a0\u00bb  or 18 carats est un bijou d&rsquo;une grande beaut\u00e9 et d&rsquo;une \u00e9l\u00e9gance intemporelle. Fabriqu\u00e9e en or 18 carats, cette alliance pr\u00e9sente une couleur or rose, qui ajoute une touche de f\u00e9minit\u00e9 et de douceur \u00e0 son allure. Que ce soit pour symboliser votre engagement ou comme une bague de mariage, l&rsquo;alliance \u00ab\u00a0Eli\u00a0\u00bb est un choix parfait pour c\u00e9l\u00e9brer votre amour et votre engagement. Sa conception \u00e9l\u00e9gante en fait \u00e9galement un accessoire polyvalent qui peut \u00eatre port\u00e9 au quotidien ou pour des occasions sp\u00e9ciales.<\/p>\n","protected":false},"excerpt":{"rendered":"<p>L&rsquo;alliance \u00ab\u00a0Eli\u00a0\u00bb or 18 carats est un bijou d&rsquo;une grande beaut\u00e9 et d&rsquo;une \u00e9l\u00e9gance intemporelle. Fabriqu\u00e9e en or 18 carats, cette alliance pr\u00e9sente une couleur or<span class=\"excerpt-hellip\"> [\u2026]<\/span><\/p>\n","protected":false},"featured_media":12753,"template":"","meta":{"_seopress_robots_primary_cat":"","_seopress_titles_title":"","_seopress_titles_desc":"","_seopress_robots_index":"","_seopress_analysis_target_kw":"","iawp_total_views":3},"product_brand":[],"product_cat":[79],"product_tag":[],"class_list":{"0":"post-24016","1":"product","2":"type-product","3":"status-publish","4":"has-post-thumbnail","6":"product_cat-alliances-or","8":"first","9":"instock","10":"shipping-taxable","11":"purchasable","12":"product-type-variable"},"_links":{"self":[{"href":"https:\/\/www.tc26-bijoux.com\/index.php?rest_route=\/wp\/v2\/product\/24016","targetHints":{"allow":["GET"]}}],"collection":[{"href":"https:\/\/www.tc26-bijoux.com\/index.php?rest_route=\/wp\/v2\/product"}],"about":[{"href":"https:\/\/www.tc26-bijoux.com\/index.php?rest_route=\/wp\/v2\/types\/product"}],"wp:featuredmedia":[{"embeddable":true,"href":"https:\/\/www.tc26-bijoux.com\/index.php?rest_route=\/wp\/v2\/media\/12753"}],"wp:attachment":[{"href":"https:\/\/www.tc26-bijoux.com\/index.php?rest_route=%2Fwp%2Fv2%2Fmedia&parent=24016"}],"wp:term":[{"taxonomy":"product_brand","embeddable":true,"href":"https:\/\/www.tc26-bijoux.com\/index.php?rest_route=%2Fwp%2Fv2%2Fproduct_brand&post=24016"},{"taxonomy":"product_cat","embeddable":true,"href":"https:\/\/www.tc26-bijoux.com\/index.php?rest_route=%2Fwp%2Fv2%2Fproduct_cat&post=24016"},{"taxonomy":"product_tag","embeddable":true,"href":"https:\/\/www.tc26-bijoux.com\/index.php?rest_route=%2Fwp%2Fv2%2Fproduct_tag&post=24016"}],"curies":[{"name":"wp","href":"https:\/\/api.w.org\/{rel}","templated":true}]}}