{"id":25891,"date":"2025-03-11T17:32:16","date_gmt":"2025-03-11T16:32:16","guid":{"rendered":"https:\/\/www.tc26-bijoux.com\/?post_type=product&#038;p=25891"},"modified":"2025-03-21T13:18:20","modified_gmt":"2025-03-21T12:18:20","slug":"bague-diamants-et-or-18-carats-juliette","status":"publish","type":"product","link":"https:\/\/www.tc26-bijoux.com\/?product=bague-diamants-et-or-18-carats-juliette","title":{"rendered":"Bague Diamants et Or 18 Carats Juliette"},"content":{"rendered":"<p>La bague Juliette est une magnifique bague en or 18 carats sertie de diamants. Les diamants ont une puret\u00e9 GVS, ce qui signifie qu&rsquo;ils sont de haute qualit\u00e9 avec une excellente clart\u00e9 et une couleur blanche \u00e9clatante. Le caratage total des diamants sur la bague est de 0,20 carats, ce qui ajoute une touche de brillance et d&rsquo;\u00e9l\u00e9gance \u00e0 ce bijou. Que ce soit comme bague de fian\u00e7ailles, alliance ou simplement comme un bijou scintillant pour toutes les occasions, la bague Juliette est un choix parfait. Son design intemporel et sa qualit\u00e9 exceptionnelle en font un symbole de sophistication et de style.<\/p>\n","protected":false},"excerpt":{"rendered":"<p>Mati\u00e8re\u00a0: Or 18 Carats<\/p>\n<p>Couleur m\u00e9tal\u00a0: Blanc\u00a0<\/p>\n<p>Nature des\u00a0Pierres\u00a0: Diamants\u00a0<\/p>\n<p>Puret\u00e9 Diamants\u00a0\u00a0: GVS<\/p>\n<p>Caratage\u00a0 \u00a0\u00a0: 0.20\u00a0Carats<\/p>\n<p>R\u00e9f\u00e9rence\u00a0: SMPV11H<\/p>\n","protected":false},"featured_media":13906,"template":"","meta":{"_seopress_robots_primary_cat":"","_seopress_titles_title":"","_seopress_titles_desc":"","_seopress_robots_index":"","_seopress_analysis_target_kw":"","iawp_total_views":2},"product_brand":[],"product_cat":[86],"product_tag":[],"class_list":{"0":"post-25891","1":"product","2":"type-product","3":"status-publish","4":"has-post-thumbnail","6":"product_cat-solitaire-diamants","8":"first","9":"instock","10":"shipping-taxable","11":"purchasable","12":"product-type-variable"},"_links":{"self":[{"href":"https:\/\/www.tc26-bijoux.com\/index.php?rest_route=\/wp\/v2\/product\/25891","targetHints":{"allow":["GET"]}}],"collection":[{"href":"https:\/\/www.tc26-bijoux.com\/index.php?rest_route=\/wp\/v2\/product"}],"about":[{"href":"https:\/\/www.tc26-bijoux.com\/index.php?rest_route=\/wp\/v2\/types\/product"}],"wp:featuredmedia":[{"embeddable":true,"href":"https:\/\/www.tc26-bijoux.com\/index.php?rest_route=\/wp\/v2\/media\/13906"}],"wp:attachment":[{"href":"https:\/\/www.tc26-bijoux.com\/index.php?rest_route=%2Fwp%2Fv2%2Fmedia&parent=25891"}],"wp:term":[{"taxonomy":"product_brand","embeddable":true,"href":"https:\/\/www.tc26-bijoux.com\/index.php?rest_route=%2Fwp%2Fv2%2Fproduct_brand&post=25891"},{"taxonomy":"product_cat","embeddable":true,"href":"https:\/\/www.tc26-bijoux.com\/index.php?rest_route=%2Fwp%2Fv2%2Fproduct_cat&post=25891"},{"taxonomy":"product_tag","embeddable":true,"href":"https:\/\/www.tc26-bijoux.com\/index.php?rest_route=%2Fwp%2Fv2%2Fproduct_tag&post=25891"}],"curies":[{"name":"wp","href":"https:\/\/api.w.org\/{rel}","templated":true}]}}