{"id":26806,"date":"2025-03-11T17:35:26","date_gmt":"2025-03-11T16:35:26","guid":{"rendered":"https:\/\/www.tc26-bijoux.com\/?post_type=product&#038;p=26806"},"modified":"2025-03-21T13:19:56","modified_gmt":"2025-03-21T12:19:56","slug":"solitaire-diamants-marquise","status":"publish","type":"product","link":"https:\/\/www.tc26-bijoux.com\/?product=solitaire-diamants-marquise","title":{"rendered":"Solitaire Diamants Marquise"},"content":{"rendered":"<p>La bague de fian\u00e7ailles Diamants et Or 18 Carats Marquise est une pi\u00e8ce \u00e9l\u00e9gante et unique. Fabriqu\u00e9e en or 18 carats, elle offre une qualit\u00e9 sup\u00e9rieure et une finition luxueuse. Le poids total des diamants qui ornent cette bague est de 0,55 carats. La forme des diamants est ovale, ce qui apporte une esth\u00e9tique distinctive et captivante. Les diamants ovales sont r\u00e9put\u00e9s pour leur \u00e9l\u00e9gance et leur allure f\u00e9minine. Cette bague Marquise est un choix parfait pour celles qui recherchent un design unique et sophistiqu\u00e9. Qu&rsquo;elle soit port\u00e9e comme une bague de fian\u00e7ailles, une alliance ou un bijou de tous les jours, cette bague ajoutera une touche d&rsquo;\u00e9clat et de sophistication \u00e0 votre collection de bijoux.<\/p>\n","protected":false},"excerpt":{"rendered":"<p>La bague de fian\u00e7ailles Diamants et Or 18 Carats Marquise est une pi\u00e8ce \u00e9l\u00e9gante et unique. Fabriqu\u00e9e en or 18 carats, elle offre une qualit\u00e9 sup\u00e9rieure<span class=\"excerpt-hellip\"> [\u2026]<\/span><\/p>\n","protected":false},"featured_media":6477,"template":"","meta":{"_seopress_robots_primary_cat":"","_seopress_titles_title":"","_seopress_titles_desc":"","_seopress_robots_index":"","_seopress_analysis_target_kw":"","iawp_total_views":4},"product_brand":[],"product_cat":[86],"product_tag":[],"class_list":{"0":"post-26806","1":"product","2":"type-product","3":"status-publish","4":"has-post-thumbnail","6":"product_cat-solitaire-diamants","8":"first","9":"instock","10":"shipping-taxable","11":"purchasable","12":"product-type-variable"},"_links":{"self":[{"href":"https:\/\/www.tc26-bijoux.com\/index.php?rest_route=\/wp\/v2\/product\/26806","targetHints":{"allow":["GET"]}}],"collection":[{"href":"https:\/\/www.tc26-bijoux.com\/index.php?rest_route=\/wp\/v2\/product"}],"about":[{"href":"https:\/\/www.tc26-bijoux.com\/index.php?rest_route=\/wp\/v2\/types\/product"}],"wp:featuredmedia":[{"embeddable":true,"href":"https:\/\/www.tc26-bijoux.com\/index.php?rest_route=\/wp\/v2\/media\/6477"}],"wp:attachment":[{"href":"https:\/\/www.tc26-bijoux.com\/index.php?rest_route=%2Fwp%2Fv2%2Fmedia&parent=26806"}],"wp:term":[{"taxonomy":"product_brand","embeddable":true,"href":"https:\/\/www.tc26-bijoux.com\/index.php?rest_route=%2Fwp%2Fv2%2Fproduct_brand&post=26806"},{"taxonomy":"product_cat","embeddable":true,"href":"https:\/\/www.tc26-bijoux.com\/index.php?rest_route=%2Fwp%2Fv2%2Fproduct_cat&post=26806"},{"taxonomy":"product_tag","embeddable":true,"href":"https:\/\/www.tc26-bijoux.com\/index.php?rest_route=%2Fwp%2Fv2%2Fproduct_tag&post=26806"}],"curies":[{"name":"wp","href":"https:\/\/api.w.org\/{rel}","templated":true}]}}