{"id":27910,"date":"2025-03-11T17:39:07","date_gmt":"2025-03-11T16:39:07","guid":{"rendered":"https:\/\/www.tc26-bijoux.com\/?post_type=product&#038;p=27910"},"modified":"2025-03-21T13:21:40","modified_gmt":"2025-03-21T12:21:40","slug":"solitaire-diamants-et-or-18-k-salome","status":"publish","type":"product","link":"https:\/\/www.tc26-bijoux.com\/?product=solitaire-diamants-et-or-18-k-salome","title":{"rendered":"Solitaire Diamants et Or 18 k Salom\u00e9"},"content":{"rendered":"<p>La bague de fian\u00e7ailles Salom\u00e9 en or 18 carats est un bijou d&rsquo;une \u00e9l\u00e9gance incomparable. Avec un poids total de 0.40 carats, cette bague met en valeur une pierre centrale de 0.24 carats, cr\u00e9ant ainsi un contraste harmonieux et captivant. Les diamants qui ornent cette bague ajoutent une touche de luxe et de brillance, rehaussant ainsi sa beaut\u00e9. Fabriqu\u00e9e avec soin et souci du d\u00e9tail, cette bague incarne le raffinement et la sophistication. Que ce soit pour une occasion sp\u00e9ciale ou pour compl\u00e9ter votre style au quotidien, la bague Salom\u00e9 sera un choix intemporel qui saura captiver les regards. Laissez-vous s\u00e9duire par l&rsquo;\u00e9l\u00e9gance et le luxe de cette magnifique bague Salom\u00e9.<\/p>\n","protected":false},"excerpt":{"rendered":"<p>La bague de fian\u00e7ailles Salom\u00e9 en or 18 carats est un bijou d&rsquo;une \u00e9l\u00e9gance incomparable. Avec un poids total de 0.40 carats, cette bague met en<span class=\"excerpt-hellip\"> [\u2026]<\/span><\/p>\n","protected":false},"featured_media":13678,"template":"","meta":{"_seopress_robots_primary_cat":"","_seopress_titles_title":"","_seopress_titles_desc":"","_seopress_robots_index":"","_seopress_analysis_target_kw":"","iawp_total_views":6},"product_brand":[],"product_cat":[86],"product_tag":[],"class_list":{"0":"post-27910","1":"product","2":"type-product","3":"status-publish","4":"has-post-thumbnail","6":"product_cat-solitaire-diamants","8":"first","9":"instock","10":"shipping-taxable","11":"purchasable","12":"product-type-variable"},"_links":{"self":[{"href":"https:\/\/www.tc26-bijoux.com\/index.php?rest_route=\/wp\/v2\/product\/27910","targetHints":{"allow":["GET"]}}],"collection":[{"href":"https:\/\/www.tc26-bijoux.com\/index.php?rest_route=\/wp\/v2\/product"}],"about":[{"href":"https:\/\/www.tc26-bijoux.com\/index.php?rest_route=\/wp\/v2\/types\/product"}],"wp:featuredmedia":[{"embeddable":true,"href":"https:\/\/www.tc26-bijoux.com\/index.php?rest_route=\/wp\/v2\/media\/13678"}],"wp:attachment":[{"href":"https:\/\/www.tc26-bijoux.com\/index.php?rest_route=%2Fwp%2Fv2%2Fmedia&parent=27910"}],"wp:term":[{"taxonomy":"product_brand","embeddable":true,"href":"https:\/\/www.tc26-bijoux.com\/index.php?rest_route=%2Fwp%2Fv2%2Fproduct_brand&post=27910"},{"taxonomy":"product_cat","embeddable":true,"href":"https:\/\/www.tc26-bijoux.com\/index.php?rest_route=%2Fwp%2Fv2%2Fproduct_cat&post=27910"},{"taxonomy":"product_tag","embeddable":true,"href":"https:\/\/www.tc26-bijoux.com\/index.php?rest_route=%2Fwp%2Fv2%2Fproduct_tag&post=27910"}],"curies":[{"name":"wp","href":"https:\/\/api.w.org\/{rel}","templated":true}]}}