{"id":29337,"date":"2025-03-11T17:44:20","date_gmt":"2025-03-11T16:44:20","guid":{"rendered":"https:\/\/www.tc26-bijoux.com\/?post_type=product&#038;p=29337"},"modified":"2025-04-11T12:53:05","modified_gmt":"2025-04-11T10:53:05","slug":"solitaire-or-18-k-diamants-eva","status":"publish","type":"product","link":"https:\/\/www.tc26-bijoux.com\/?product=solitaire-or-18-k-diamants-eva","title":{"rendered":"Solitaire Or 18 K Diamants Eva"},"content":{"rendered":"<p>La bague de fian\u00e7ailles \u00ab\u00a0Eva\u00a0\u00bb est r\u00e9alis\u00e9e en or 18 carats, avec des diamants d&rsquo;une puret\u00e9 GVS. Le poids total des diamants est de 0,66 carat, avec une pierre centrale de 0,33 carat. Cette bague allie \u00e9l\u00e9gance et sophistication, mettant en valeur la beaut\u00e9 des diamants. C&rsquo;est un choix parfait pour une bague de fian\u00e7ailles ou une pi\u00e8ce de bijouterie pr\u00e9cieuse.<\/p>\n","protected":false},"excerpt":{"rendered":"<p>Mati\u00e8re\u00a0: Or 18 Carats<\/p>\n<p>Couleur m\u00e9tal\u00a0: Blanc\u00a0<\/p>\n<p>Nature des\u00a0Pierres\u00a0: Diamants\u00a0<\/p>\n<p>Puret\u00e9 Diamants\u00a0\u00a0: GVS<\/p>\n<p>Poid total\u00a0\u00a0\u00a0: 0.66\u00a0Carats<\/p>\n<p>Pierre centre : 0.33\u00a0 cts<\/p>\n<p>R\u00e9f\u00e9rence\u00a0: SSKT09H<\/p>\n","protected":false},"featured_media":13709,"template":"","meta":{"_seopress_robots_primary_cat":"","_seopress_titles_title":"","_seopress_titles_desc":"","_seopress_robots_index":"","_seopress_analysis_target_kw":"","iawp_total_views":5},"product_brand":[],"product_cat":[86],"product_tag":[],"class_list":{"0":"post-29337","1":"product","2":"type-product","3":"status-publish","4":"has-post-thumbnail","6":"product_cat-solitaire-diamants","8":"first","9":"instock","10":"featured","11":"shipping-taxable","12":"purchasable","13":"product-type-variable"},"_links":{"self":[{"href":"https:\/\/www.tc26-bijoux.com\/index.php?rest_route=\/wp\/v2\/product\/29337","targetHints":{"allow":["GET"]}}],"collection":[{"href":"https:\/\/www.tc26-bijoux.com\/index.php?rest_route=\/wp\/v2\/product"}],"about":[{"href":"https:\/\/www.tc26-bijoux.com\/index.php?rest_route=\/wp\/v2\/types\/product"}],"wp:featuredmedia":[{"embeddable":true,"href":"https:\/\/www.tc26-bijoux.com\/index.php?rest_route=\/wp\/v2\/media\/13709"}],"wp:attachment":[{"href":"https:\/\/www.tc26-bijoux.com\/index.php?rest_route=%2Fwp%2Fv2%2Fmedia&parent=29337"}],"wp:term":[{"taxonomy":"product_brand","embeddable":true,"href":"https:\/\/www.tc26-bijoux.com\/index.php?rest_route=%2Fwp%2Fv2%2Fproduct_brand&post=29337"},{"taxonomy":"product_cat","embeddable":true,"href":"https:\/\/www.tc26-bijoux.com\/index.php?rest_route=%2Fwp%2Fv2%2Fproduct_cat&post=29337"},{"taxonomy":"product_tag","embeddable":true,"href":"https:\/\/www.tc26-bijoux.com\/index.php?rest_route=%2Fwp%2Fv2%2Fproduct_tag&post=29337"}],"curies":[{"name":"wp","href":"https:\/\/api.w.org\/{rel}","templated":true}]}}