{"id":33870,"date":"2025-03-12T01:43:23","date_gmt":"2025-03-12T00:43:23","guid":{"rendered":"https:\/\/www.tc26-bijoux.com\/?post_type=product&#038;p=33870"},"modified":"2025-03-21T13:31:38","modified_gmt":"2025-03-21T12:31:38","slug":"solitaire-or-18-carats-et-diamants-danie-2","status":"publish","type":"product","link":"https:\/\/www.tc26-bijoux.com\/?product=solitaire-or-18-carats-et-diamants-danie-2","title":{"rendered":"Solitaire Or 18 Carats et Diamants Danie"},"content":{"rendered":"<p>Le solitaire Danie en or 18 carats pr\u00e9sente une couleur or blanc. Il est serti d&rsquo;un diamant de couleur G, d&rsquo;une puret\u00e9 VS, avec un poids total de 0,50 carats. La dimension de la bague est de 8,9 mm, ce qui lui conf\u00e8re une allure d\u00e9licate et \u00e9l\u00e9gante. La r\u00e9f\u00e9rence de cette bague est DNR232. Le solitaire Danie est un choix classique et intemporel, symbolisant l&rsquo;amour et l&rsquo;engagement avec son diamant brillant au centre. Il est parfait pour \u00eatre port\u00e9 en tant que bague de fian\u00e7ailles ou comme une pi\u00e8ce pr\u00e9cieuse dans votre collection de bijoux.<\/p>\n","protected":false},"excerpt":{"rendered":"<p>Le solitaire Danie en or 18 carats pr\u00e9sente une couleur or blanc. Il est serti d&rsquo;un diamant de couleur G, d&rsquo;une puret\u00e9 VS, avec un poids<span class=\"excerpt-hellip\"> [\u2026]<\/span><\/p>\n","protected":false},"featured_media":5067,"template":"","meta":{"_seopress_robots_primary_cat":"","_seopress_titles_title":"","_seopress_titles_desc":"","_seopress_robots_index":"","_seopress_analysis_target_kw":"","iawp_total_views":0},"product_brand":[],"product_cat":[78],"product_tag":[],"class_list":{"0":"post-33870","1":"product","2":"type-product","3":"status-publish","4":"has-post-thumbnail","6":"product_cat-bagues-diamants","8":"first","9":"instock","10":"shipping-taxable","11":"purchasable","12":"product-type-variable"},"_links":{"self":[{"href":"https:\/\/www.tc26-bijoux.com\/index.php?rest_route=\/wp\/v2\/product\/33870","targetHints":{"allow":["GET"]}}],"collection":[{"href":"https:\/\/www.tc26-bijoux.com\/index.php?rest_route=\/wp\/v2\/product"}],"about":[{"href":"https:\/\/www.tc26-bijoux.com\/index.php?rest_route=\/wp\/v2\/types\/product"}],"wp:featuredmedia":[{"embeddable":true,"href":"https:\/\/www.tc26-bijoux.com\/index.php?rest_route=\/wp\/v2\/media\/5067"}],"wp:attachment":[{"href":"https:\/\/www.tc26-bijoux.com\/index.php?rest_route=%2Fwp%2Fv2%2Fmedia&parent=33870"}],"wp:term":[{"taxonomy":"product_brand","embeddable":true,"href":"https:\/\/www.tc26-bijoux.com\/index.php?rest_route=%2Fwp%2Fv2%2Fproduct_brand&post=33870"},{"taxonomy":"product_cat","embeddable":true,"href":"https:\/\/www.tc26-bijoux.com\/index.php?rest_route=%2Fwp%2Fv2%2Fproduct_cat&post=33870"},{"taxonomy":"product_tag","embeddable":true,"href":"https:\/\/www.tc26-bijoux.com\/index.php?rest_route=%2Fwp%2Fv2%2Fproduct_tag&post=33870"}],"curies":[{"name":"wp","href":"https:\/\/api.w.org\/{rel}","templated":true}]}}