{"id":33981,"date":"2025-03-12T01:43:46","date_gmt":"2025-03-12T00:43:46","guid":{"rendered":"https:\/\/www.tc26-bijoux.com\/?post_type=product&#038;p=33981"},"modified":"2025-03-21T13:31:49","modified_gmt":"2025-03-21T12:31:49","slug":"bague-or-18-carats-et-diamants-kayla","status":"publish","type":"product","link":"https:\/\/www.tc26-bijoux.com\/?product=bague-or-18-carats-et-diamants-kayla","title":{"rendered":"Bague Or 18 Carats et Diamants Kayla"},"content":{"rendered":"<p>La bague Kayla est fabriqu\u00e9e en or 18 carats et est orn\u00e9e de diamants. La nature des pierres est exclusivement des diamants, ce qui ajoute un \u00e9clat et une brillance remarquables \u00e0 cette bague. La bague est disponible en couleur blanc, ce qui accentue davantage la beaut\u00e9 des diamants. Que ce soit pour une occasion sp\u00e9ciale ou comme bijou quotidien, la bague Kayla en or 18 carats et diamants est un choix \u00e9l\u00e9gant et intemporel qui saura rehausser votre style avec son \u00e9clat \u00e9tincelant.<\/p>\n","protected":false},"excerpt":{"rendered":"<p>Mati\u00e8re : Or 18 carat\u00a0<\/p>\n<p>Couleur m\u00e9tal : Blanc<\/p>\n<p>Nature des Pierres : Diamants\u00a0<\/p>\n<p>Couleur des Diamants : G<\/p>\n<p>Puret\u00e9 des Diamants : VS<\/p>\n<p>Poid des Diamants\u00a0\u00a0\u00a0: 0.50\u00a0Carats\u00a0<\/p>\n<p>Largeur de l&rsquo;anneau\u00a0 4.5\u00a0mm<\/p>\n<p>R\u00e9f\u00e9rence : XYR10473<\/p>\n","protected":false},"featured_media":11980,"template":"","meta":{"_seopress_robots_primary_cat":"","_seopress_titles_title":"","_seopress_titles_desc":"","_seopress_robots_index":"","_seopress_analysis_target_kw":"","iawp_total_views":0},"product_brand":[],"product_cat":[78],"product_tag":[],"class_list":{"0":"post-33981","1":"product","2":"type-product","3":"status-publish","4":"has-post-thumbnail","6":"product_cat-bagues-diamants","8":"first","9":"instock","10":"shipping-taxable","11":"purchasable","12":"product-type-variable"},"_links":{"self":[{"href":"https:\/\/www.tc26-bijoux.com\/index.php?rest_route=\/wp\/v2\/product\/33981","targetHints":{"allow":["GET"]}}],"collection":[{"href":"https:\/\/www.tc26-bijoux.com\/index.php?rest_route=\/wp\/v2\/product"}],"about":[{"href":"https:\/\/www.tc26-bijoux.com\/index.php?rest_route=\/wp\/v2\/types\/product"}],"wp:featuredmedia":[{"embeddable":true,"href":"https:\/\/www.tc26-bijoux.com\/index.php?rest_route=\/wp\/v2\/media\/11980"}],"wp:attachment":[{"href":"https:\/\/www.tc26-bijoux.com\/index.php?rest_route=%2Fwp%2Fv2%2Fmedia&parent=33981"}],"wp:term":[{"taxonomy":"product_brand","embeddable":true,"href":"https:\/\/www.tc26-bijoux.com\/index.php?rest_route=%2Fwp%2Fv2%2Fproduct_brand&post=33981"},{"taxonomy":"product_cat","embeddable":true,"href":"https:\/\/www.tc26-bijoux.com\/index.php?rest_route=%2Fwp%2Fv2%2Fproduct_cat&post=33981"},{"taxonomy":"product_tag","embeddable":true,"href":"https:\/\/www.tc26-bijoux.com\/index.php?rest_route=%2Fwp%2Fv2%2Fproduct_tag&post=33981"}],"curies":[{"name":"wp","href":"https:\/\/api.w.org\/{rel}","templated":true}]}}