{"id":34716,"date":"2025-03-12T01:47:15","date_gmt":"2025-03-12T00:47:15","guid":{"rendered":"https:\/\/www.tc26-bijoux.com\/?post_type=product&#038;p=34716"},"modified":"2025-03-21T13:33:10","modified_gmt":"2025-03-21T12:33:10","slug":"solitaire-or-diamant-lettie-2","status":"publish","type":"product","link":"https:\/\/www.tc26-bijoux.com\/?product=solitaire-or-diamant-lettie-2","title":{"rendered":"Solitaire Or Diamant Lettie"},"content":{"rendered":"<p>La bague de fian\u00e7ailles Lettie en or 18 carats incarne l&rsquo;\u00e9l\u00e9gance intemporelle avec une touche de modernit\u00e9. Son design sur mesure capture la tendance actuelle de la haute joaillerie parisienne. Orn\u00e9e de diamants d&rsquo;une couleur G et d&rsquo;une puret\u00e9 VS, elle scintille magnifiquement avec un poids total de 1,35 carats. Ses dimensions de 11,4 mm ajoutent une touche de luxe subtile \u00e0 cette pi\u00e8ce raffin\u00e9e.<\/p>\n","protected":false},"excerpt":{"rendered":"<p>La bague de fian\u00e7ailles Lettie en or 18 carats incarne l&rsquo;\u00e9l\u00e9gance intemporelle avec une touche de modernit\u00e9. Son design sur mesure capture la tendance actuelle de<span class=\"excerpt-hellip\"> [\u2026]<\/span><\/p>\n","protected":false},"featured_media":5036,"template":"","meta":{"_seopress_robots_primary_cat":"","_seopress_titles_title":"","_seopress_titles_desc":"","_seopress_robots_index":"","_seopress_analysis_target_kw":"","iawp_total_views":1},"product_brand":[],"product_cat":[78],"product_tag":[],"class_list":{"0":"post-34716","1":"product","2":"type-product","3":"status-publish","4":"has-post-thumbnail","6":"product_cat-bagues-diamants","8":"first","9":"instock","10":"shipping-taxable","11":"purchasable","12":"product-type-variable"},"_links":{"self":[{"href":"https:\/\/www.tc26-bijoux.com\/index.php?rest_route=\/wp\/v2\/product\/34716","targetHints":{"allow":["GET"]}}],"collection":[{"href":"https:\/\/www.tc26-bijoux.com\/index.php?rest_route=\/wp\/v2\/product"}],"about":[{"href":"https:\/\/www.tc26-bijoux.com\/index.php?rest_route=\/wp\/v2\/types\/product"}],"wp:featuredmedia":[{"embeddable":true,"href":"https:\/\/www.tc26-bijoux.com\/index.php?rest_route=\/wp\/v2\/media\/5036"}],"wp:attachment":[{"href":"https:\/\/www.tc26-bijoux.com\/index.php?rest_route=%2Fwp%2Fv2%2Fmedia&parent=34716"}],"wp:term":[{"taxonomy":"product_brand","embeddable":true,"href":"https:\/\/www.tc26-bijoux.com\/index.php?rest_route=%2Fwp%2Fv2%2Fproduct_brand&post=34716"},{"taxonomy":"product_cat","embeddable":true,"href":"https:\/\/www.tc26-bijoux.com\/index.php?rest_route=%2Fwp%2Fv2%2Fproduct_cat&post=34716"},{"taxonomy":"product_tag","embeddable":true,"href":"https:\/\/www.tc26-bijoux.com\/index.php?rest_route=%2Fwp%2Fv2%2Fproduct_tag&post=34716"}],"curies":[{"name":"wp","href":"https:\/\/api.w.org\/{rel}","templated":true}]}}