{"id":35959,"date":"2025-03-12T01:52:46","date_gmt":"2025-03-12T00:52:46","guid":{"rendered":"https:\/\/www.tc26-bijoux.com\/?post_type=product&#038;p=35959"},"modified":"2025-03-21T13:35:30","modified_gmt":"2025-03-21T12:35:30","slug":"alen-or-blanc-diamant-aigue-marine-2","status":"publish","type":"product","link":"https:\/\/www.tc26-bijoux.com\/?product=alen-or-blanc-diamant-aigue-marine-2","title":{"rendered":"Alen or blanc ,diamant aigu\u00eb marine"},"content":{"rendered":"<p>D\u00e9couvrez \u00ab\u00a0Alen\u00a0\u00bb, une bague d&rsquo;une \u00e9l\u00e9gance exceptionnelle en or 18 carats. Le blanc ajoute une touche de sophistication \u00e0 cette pi\u00e8ce magnifique. Les diamants de qualit\u00e9 G (couleur) et VS (puret\u00e9) d&rsquo;un poids total de 0,45 carats scintillent autour de la pierre principale.<\/p>\n","protected":false},"excerpt":{"rendered":"<p>D\u00e9couvrez \u00ab\u00a0Alen\u00a0\u00bb, une bague d&rsquo;une \u00e9l\u00e9gance exceptionnelle en or 18 carats. Le blanc ajoute une touche de sophistication \u00e0 cette pi\u00e8ce magnifique. Les diamants de qualit\u00e9<span class=\"excerpt-hellip\"> [\u2026]<\/span><\/p>\n","protected":false},"featured_media":7617,"template":"","meta":{"_seopress_robots_primary_cat":"","_seopress_titles_title":"","_seopress_titles_desc":"","_seopress_robots_index":"","_seopress_analysis_target_kw":"","iawp_total_views":1},"product_brand":[],"product_cat":[78],"product_tag":[],"class_list":{"0":"post-35959","1":"product","2":"type-product","3":"status-publish","4":"has-post-thumbnail","6":"product_cat-bagues-diamants","8":"first","9":"instock","10":"shipping-taxable","11":"purchasable","12":"product-type-variable"},"_links":{"self":[{"href":"https:\/\/www.tc26-bijoux.com\/index.php?rest_route=\/wp\/v2\/product\/35959","targetHints":{"allow":["GET"]}}],"collection":[{"href":"https:\/\/www.tc26-bijoux.com\/index.php?rest_route=\/wp\/v2\/product"}],"about":[{"href":"https:\/\/www.tc26-bijoux.com\/index.php?rest_route=\/wp\/v2\/types\/product"}],"wp:featuredmedia":[{"embeddable":true,"href":"https:\/\/www.tc26-bijoux.com\/index.php?rest_route=\/wp\/v2\/media\/7617"}],"wp:attachment":[{"href":"https:\/\/www.tc26-bijoux.com\/index.php?rest_route=%2Fwp%2Fv2%2Fmedia&parent=35959"}],"wp:term":[{"taxonomy":"product_brand","embeddable":true,"href":"https:\/\/www.tc26-bijoux.com\/index.php?rest_route=%2Fwp%2Fv2%2Fproduct_brand&post=35959"},{"taxonomy":"product_cat","embeddable":true,"href":"https:\/\/www.tc26-bijoux.com\/index.php?rest_route=%2Fwp%2Fv2%2Fproduct_cat&post=35959"},{"taxonomy":"product_tag","embeddable":true,"href":"https:\/\/www.tc26-bijoux.com\/index.php?rest_route=%2Fwp%2Fv2%2Fproduct_tag&post=35959"}],"curies":[{"name":"wp","href":"https:\/\/api.w.org\/{rel}","templated":true}]}}