{"id":36254,"date":"2025-03-12T01:53:58","date_gmt":"2025-03-12T00:53:58","guid":{"rendered":"https:\/\/www.tc26-bijoux.com\/?post_type=product&#038;p=36254"},"modified":"2025-03-21T13:36:02","modified_gmt":"2025-03-21T12:36:02","slug":"solitaire-or-diamants-alisse-2","status":"publish","type":"product","link":"https:\/\/www.tc26-bijoux.com\/?product=solitaire-or-diamants-alisse-2","title":{"rendered":"Solitaire Or Diamants Alisse"},"content":{"rendered":"<p>D\u00e9couvrez la bague de fian\u00e7ailles \u00ab\u00a0Alisse\u00a0\u00bb, une cr\u00e9ation en or 18 carats d&rsquo;une \u00e9l\u00e9gance in\u00e9gal\u00e9e. Son blanc offre une toile parfaite pour mettre en valeur les diamants scintillants qui l&rsquo;ornent. Avec une puret\u00e9 VS et une couleur G, ces diamants ajoutent une brillance \u00e9blouissante \u00e0 cette bague.La bague \u00ab\u00a0Alisse\u00a0\u00bb est un bijou de choix pour ceux qui recherchent un \u00e9quilibre entre sophistication et \u00e9clat. Avec un poids total de diamants allant de 1,33 \u00e0 1,60 carats, cette bague offre une pr\u00e9sence remarquable. Les dimensions de 14&#215;14,5 mm \u00e0 16&#215;16,5 mm ajoutent une touche de dimension et de caract\u00e8re \u00e0 ce bijou intemporel.<\/p>\n","protected":false},"excerpt":{"rendered":"<p>D\u00e9couvrez la bague de fian\u00e7ailles \u00ab\u00a0Alisse\u00a0\u00bb, une cr\u00e9ation en or 18 carats d&rsquo;une \u00e9l\u00e9gance in\u00e9gal\u00e9e. Son blanc offre une toile parfaite pour mettre en valeur les<span class=\"excerpt-hellip\"> [\u2026]<\/span><\/p>\n","protected":false},"featured_media":6877,"template":"","meta":{"_seopress_robots_primary_cat":"","_seopress_titles_title":"","_seopress_titles_desc":"","_seopress_robots_index":"","_seopress_analysis_target_kw":"","iawp_total_views":14},"product_brand":[],"product_cat":[78],"product_tag":[],"class_list":{"0":"post-36254","1":"product","2":"type-product","3":"status-publish","4":"has-post-thumbnail","6":"product_cat-bagues-diamants","8":"first","9":"instock","10":"shipping-taxable","11":"purchasable","12":"product-type-variable"},"_links":{"self":[{"href":"https:\/\/www.tc26-bijoux.com\/index.php?rest_route=\/wp\/v2\/product\/36254","targetHints":{"allow":["GET"]}}],"collection":[{"href":"https:\/\/www.tc26-bijoux.com\/index.php?rest_route=\/wp\/v2\/product"}],"about":[{"href":"https:\/\/www.tc26-bijoux.com\/index.php?rest_route=\/wp\/v2\/types\/product"}],"wp:featuredmedia":[{"embeddable":true,"href":"https:\/\/www.tc26-bijoux.com\/index.php?rest_route=\/wp\/v2\/media\/6877"}],"wp:attachment":[{"href":"https:\/\/www.tc26-bijoux.com\/index.php?rest_route=%2Fwp%2Fv2%2Fmedia&parent=36254"}],"wp:term":[{"taxonomy":"product_brand","embeddable":true,"href":"https:\/\/www.tc26-bijoux.com\/index.php?rest_route=%2Fwp%2Fv2%2Fproduct_brand&post=36254"},{"taxonomy":"product_cat","embeddable":true,"href":"https:\/\/www.tc26-bijoux.com\/index.php?rest_route=%2Fwp%2Fv2%2Fproduct_cat&post=36254"},{"taxonomy":"product_tag","embeddable":true,"href":"https:\/\/www.tc26-bijoux.com\/index.php?rest_route=%2Fwp%2Fv2%2Fproduct_tag&post=36254"}],"curies":[{"name":"wp","href":"https:\/\/api.w.org\/{rel}","templated":true}]}}