{"id":36401,"date":"2025-03-12T01:54:37","date_gmt":"2025-03-12T00:54:37","guid":{"rendered":"https:\/\/www.tc26-bijoux.com\/?post_type=product&#038;p=36401"},"modified":"2025-03-21T13:36:15","modified_gmt":"2025-03-21T12:36:15","slug":"solitaire-or-18-carats-et-diamants-danitza-2","status":"publish","type":"product","link":"https:\/\/www.tc26-bijoux.com\/?product=solitaire-or-18-carats-et-diamants-danitza-2","title":{"rendered":"Solitaire Or 18 Carats et Diamants Danitza"},"content":{"rendered":"<p>Le solitaire Danitza en or 18 carats est con\u00e7u avec un beau blanc. Il est orn\u00e9 d&rsquo;un diamant de couleur G, d&rsquo;une puret\u00e9 VS, avec un poids total de 0,40 carats. Ce solitaire offre une \u00e9l\u00e9gance intemporelle avec son design minimaliste et son diamant \u00e9tincelant. Il est parfait pour symboliser l&rsquo;amour et l&rsquo;engagement, ou comme une pi\u00e8ce pr\u00e9cieuse dans votre collection de bijoux. Le solitaire Danitza apporte une touche de brillance subtile \u00e0 votre look quotidien ou lors d&rsquo;occasions sp\u00e9ciales.<\/p>\n","protected":false},"excerpt":{"rendered":"<p>Le solitaire Danitza en or 18 carats est con\u00e7u avec un beau blanc. Il est orn\u00e9 d&rsquo;un diamant de couleur G, d&rsquo;une puret\u00e9 VS, avec un<span class=\"excerpt-hellip\"> [\u2026]<\/span><\/p>\n","protected":false},"featured_media":5129,"template":"","meta":{"_seopress_robots_primary_cat":"","_seopress_titles_title":"","_seopress_titles_desc":"","_seopress_robots_index":"","_seopress_analysis_target_kw":"","iawp_total_views":0},"product_brand":[],"product_cat":[78],"product_tag":[],"class_list":{"0":"post-36401","1":"product","2":"type-product","3":"status-publish","4":"has-post-thumbnail","6":"product_cat-bagues-diamants","8":"first","9":"instock","10":"shipping-taxable","11":"purchasable","12":"product-type-variable"},"_links":{"self":[{"href":"https:\/\/www.tc26-bijoux.com\/index.php?rest_route=\/wp\/v2\/product\/36401","targetHints":{"allow":["GET"]}}],"collection":[{"href":"https:\/\/www.tc26-bijoux.com\/index.php?rest_route=\/wp\/v2\/product"}],"about":[{"href":"https:\/\/www.tc26-bijoux.com\/index.php?rest_route=\/wp\/v2\/types\/product"}],"wp:featuredmedia":[{"embeddable":true,"href":"https:\/\/www.tc26-bijoux.com\/index.php?rest_route=\/wp\/v2\/media\/5129"}],"wp:attachment":[{"href":"https:\/\/www.tc26-bijoux.com\/index.php?rest_route=%2Fwp%2Fv2%2Fmedia&parent=36401"}],"wp:term":[{"taxonomy":"product_brand","embeddable":true,"href":"https:\/\/www.tc26-bijoux.com\/index.php?rest_route=%2Fwp%2Fv2%2Fproduct_brand&post=36401"},{"taxonomy":"product_cat","embeddable":true,"href":"https:\/\/www.tc26-bijoux.com\/index.php?rest_route=%2Fwp%2Fv2%2Fproduct_cat&post=36401"},{"taxonomy":"product_tag","embeddable":true,"href":"https:\/\/www.tc26-bijoux.com\/index.php?rest_route=%2Fwp%2Fv2%2Fproduct_tag&post=36401"}],"curies":[{"name":"wp","href":"https:\/\/api.w.org\/{rel}","templated":true}]}}