{"id":36881,"date":"2025-03-12T01:56:37","date_gmt":"2025-03-12T00:56:37","guid":{"rendered":"https:\/\/www.tc26-bijoux.com\/?post_type=product&#038;p=36881"},"modified":"2025-03-21T13:37:21","modified_gmt":"2025-03-21T12:37:21","slug":"demie-alliance-or-18-carats-et-diamants-mailyne-3","status":"publish","type":"product","link":"https:\/\/www.tc26-bijoux.com\/?product=demie-alliance-or-18-carats-et-diamants-mailyne-3","title":{"rendered":"Demie-Alliance Or 18 Carats et Diamants Mailyne"},"content":{"rendered":"<p>La demie-alliance Mailyne en or 18 carats est disponible en blanc, rose et jaune. Elle est orn\u00e9e de diamants d&rsquo;une nature magnifique, ajoutant une touche d&rsquo;\u00e9clat et de sophistication \u00e0 votre doigt. Le caratage des pierres varie selon le mod\u00e8le choisi, avec des options allant de 0,17 carat, 0,20 carat, 0,25 carat, 0,40 carat \u00e0 0,50 carat. Quelle que soit la taille de diamant que vous pr\u00e9f\u00e9rez, cette demie-alliance ajoutera une touche de glamour \u00e0 votre look. Choisissez la couleur qui vous convient le mieux et profitez de l&rsquo;\u00e9clat intemporel des diamants sur votre doigt.<\/p>\n","protected":false},"excerpt":{"rendered":"<p>La demie-alliance Mailyne en or 18 carats est disponible en blanc, rose et jaune. Elle est orn\u00e9e de diamants d&rsquo;une nature magnifique, ajoutant une touche d&rsquo;\u00e9clat<span class=\"excerpt-hellip\"> [\u2026]<\/span><\/p>\n","protected":false},"featured_media":1232,"template":"","meta":{"_seopress_robots_primary_cat":"","_seopress_titles_title":"","_seopress_titles_desc":"","_seopress_robots_index":"","_seopress_analysis_target_kw":"","iawp_total_views":1},"product_brand":[],"product_cat":[78],"product_tag":[],"class_list":{"0":"post-36881","1":"product","2":"type-product","3":"status-publish","4":"has-post-thumbnail","6":"product_cat-bagues-diamants","8":"first","9":"instock","10":"shipping-taxable","11":"purchasable","12":"product-type-variable"},"_links":{"self":[{"href":"https:\/\/www.tc26-bijoux.com\/index.php?rest_route=\/wp\/v2\/product\/36881","targetHints":{"allow":["GET"]}}],"collection":[{"href":"https:\/\/www.tc26-bijoux.com\/index.php?rest_route=\/wp\/v2\/product"}],"about":[{"href":"https:\/\/www.tc26-bijoux.com\/index.php?rest_route=\/wp\/v2\/types\/product"}],"wp:featuredmedia":[{"embeddable":true,"href":"https:\/\/www.tc26-bijoux.com\/index.php?rest_route=\/wp\/v2\/media\/1232"}],"wp:attachment":[{"href":"https:\/\/www.tc26-bijoux.com\/index.php?rest_route=%2Fwp%2Fv2%2Fmedia&parent=36881"}],"wp:term":[{"taxonomy":"product_brand","embeddable":true,"href":"https:\/\/www.tc26-bijoux.com\/index.php?rest_route=%2Fwp%2Fv2%2Fproduct_brand&post=36881"},{"taxonomy":"product_cat","embeddable":true,"href":"https:\/\/www.tc26-bijoux.com\/index.php?rest_route=%2Fwp%2Fv2%2Fproduct_cat&post=36881"},{"taxonomy":"product_tag","embeddable":true,"href":"https:\/\/www.tc26-bijoux.com\/index.php?rest_route=%2Fwp%2Fv2%2Fproduct_tag&post=36881"}],"curies":[{"name":"wp","href":"https:\/\/api.w.org\/{rel}","templated":true}]}}