{"id":37062,"date":"2025-03-12T01:57:49","date_gmt":"2025-03-12T00:57:49","guid":{"rendered":"https:\/\/www.tc26-bijoux.com\/?post_type=product&#038;p=37062"},"modified":"2025-03-21T13:37:24","modified_gmt":"2025-03-21T12:37:24","slug":"bague-or-diamants-lysandra","status":"publish","type":"product","link":"https:\/\/www.tc26-bijoux.com\/?product=bague-or-diamants-lysandra","title":{"rendered":"Bague or Diamants Lysandra"},"content":{"rendered":"<p>La bague Lysandra en or 18 carats est une pi\u00e8ce remarquablement belle. Avec un poids total de 0,90 carats de diamants, elle brille de mani\u00e8re spectaculaire. Son anneau large de 3,8 mm lui conf\u00e8re une pr\u00e9sence et une \u00e9l\u00e9gance ind\u00e9niables. Orn\u00e9e de diamants, cette bague est un symbole de luxe et de sophistication. Elle est parfaite pour marquer des occasions sp\u00e9ciales ou pour \u00eatre port\u00e9e au quotidien pour ajouter une touche de glamour \u00e0 votre style. Une pi\u00e8ce de joaillerie qui ne manquera pas de faire une impression durable.<\/p>\n","protected":false},"excerpt":{"rendered":"<p>Mati\u00e8re : Or \u00a018 Carats<\/p>\n<p>Couleur m\u00e9tal : Blanc\u00a0<\/p>\n<p>Nature des\u00a0Pierres : Diamants\u00a0<\/p>\n<p>Couleur des\u00a0Diamants : G<\/p>\n<p>Puret\u00e9 des\u00a0Diamants : VS<\/p>\n<p>Poid Total des Diamants\u00a0\u00a0: 0.90\u00a0Carats<\/p>\n<p>Largeur de l&rsquo;anneau : 3.8 mm<\/p>\n<p>R\u00e9f\u00e9rence : XYR9222<\/p>\n","protected":false},"featured_media":1545,"template":"","meta":{"_seopress_robots_primary_cat":"","_seopress_titles_title":"","_seopress_titles_desc":"","_seopress_robots_index":"","_seopress_analysis_target_kw":"","iawp_total_views":36},"product_brand":[],"product_cat":[78],"product_tag":[],"class_list":{"0":"post-37062","1":"product","2":"type-product","3":"status-publish","4":"has-post-thumbnail","6":"product_cat-bagues-diamants","8":"first","9":"instock","10":"shipping-taxable","11":"purchasable","12":"product-type-variable"},"_links":{"self":[{"href":"https:\/\/www.tc26-bijoux.com\/index.php?rest_route=\/wp\/v2\/product\/37062","targetHints":{"allow":["GET"]}}],"collection":[{"href":"https:\/\/www.tc26-bijoux.com\/index.php?rest_route=\/wp\/v2\/product"}],"about":[{"href":"https:\/\/www.tc26-bijoux.com\/index.php?rest_route=\/wp\/v2\/types\/product"}],"wp:featuredmedia":[{"embeddable":true,"href":"https:\/\/www.tc26-bijoux.com\/index.php?rest_route=\/wp\/v2\/media\/1545"}],"wp:attachment":[{"href":"https:\/\/www.tc26-bijoux.com\/index.php?rest_route=%2Fwp%2Fv2%2Fmedia&parent=37062"}],"wp:term":[{"taxonomy":"product_brand","embeddable":true,"href":"https:\/\/www.tc26-bijoux.com\/index.php?rest_route=%2Fwp%2Fv2%2Fproduct_brand&post=37062"},{"taxonomy":"product_cat","embeddable":true,"href":"https:\/\/www.tc26-bijoux.com\/index.php?rest_route=%2Fwp%2Fv2%2Fproduct_cat&post=37062"},{"taxonomy":"product_tag","embeddable":true,"href":"https:\/\/www.tc26-bijoux.com\/index.php?rest_route=%2Fwp%2Fv2%2Fproduct_tag&post=37062"}],"curies":[{"name":"wp","href":"https:\/\/api.w.org\/{rel}","templated":true}]}}