{"id":43246,"date":"2025-03-12T02:30:23","date_gmt":"2025-03-12T01:30:23","guid":{"rendered":"https:\/\/www.tc26-bijoux.com\/?post_type=product&#038;p=43246"},"modified":"2025-03-21T13:48:48","modified_gmt":"2025-03-21T12:48:48","slug":"kerry-or-blanc-diamant","status":"publish","type":"product","link":"https:\/\/www.tc26-bijoux.com\/?product=kerry-or-blanc-diamant","title":{"rendered":"Kerry or blanc, Diamant"},"content":{"rendered":"<p>La bague Kerry en or 18 carats est une superbe alliance disponible en diff\u00e9rentes couleurs d&rsquo;or (blanc, rose et jaune). Elle est sertie de diamants de couleur G et de puret\u00e9 VS, avec un poids total de 0,50 carats. Avec une largeur de bande de 5 mm, cette bague offre \u00e0 la fois \u00e9l\u00e9gance et sophistication, ajoutant une touche de glamour \u00e0 toute tenue. Que ce soit comme alliance de mariage ou comme bijou sp\u00e9cial, la bague Kerry est un choix raffin\u00e9 pour c\u00e9l\u00e9brer les moments pr\u00e9cieux de la vie.<\/p>\n","protected":false},"excerpt":{"rendered":"<p>Mati\u00e8re : Or 18 Carats<\/p>\n<p>Couleur m\u00e9tal : Blanc \/ Rose \/ Jaune<\/p>\n<p>Nature des\u00a0Pierres : Diamants\u00a0<\/p>\n<p>Couleur des\u00a0Diamants : G<\/p>\n<p>Puret\u00e9 des\u00a0Diamants : VS<\/p>\n<p>Poid Total des diamants\u00a0\u00a0: 0.50\u00a0Carats<\/p>\n<p>Largeur de la bande : 5\u00a0mm<\/p>\n<p>R\u00e9f\u00e9rence : BJR0206<\/p>\n","protected":false},"featured_media":4085,"template":"","meta":{"_seopress_robots_primary_cat":"","_seopress_titles_title":"","_seopress_titles_desc":"","_seopress_robots_index":"","_seopress_analysis_target_kw":"","iawp_total_views":12},"product_brand":[],"product_cat":[78],"product_tag":[],"class_list":{"0":"post-43246","1":"product","2":"type-product","3":"status-publish","4":"has-post-thumbnail","6":"product_cat-bagues-diamants","8":"first","9":"instock","10":"shipping-taxable","11":"purchasable","12":"product-type-variable"},"_links":{"self":[{"href":"https:\/\/www.tc26-bijoux.com\/index.php?rest_route=\/wp\/v2\/product\/43246","targetHints":{"allow":["GET"]}}],"collection":[{"href":"https:\/\/www.tc26-bijoux.com\/index.php?rest_route=\/wp\/v2\/product"}],"about":[{"href":"https:\/\/www.tc26-bijoux.com\/index.php?rest_route=\/wp\/v2\/types\/product"}],"wp:featuredmedia":[{"embeddable":true,"href":"https:\/\/www.tc26-bijoux.com\/index.php?rest_route=\/wp\/v2\/media\/4085"}],"wp:attachment":[{"href":"https:\/\/www.tc26-bijoux.com\/index.php?rest_route=%2Fwp%2Fv2%2Fmedia&parent=43246"}],"wp:term":[{"taxonomy":"product_brand","embeddable":true,"href":"https:\/\/www.tc26-bijoux.com\/index.php?rest_route=%2Fwp%2Fv2%2Fproduct_brand&post=43246"},{"taxonomy":"product_cat","embeddable":true,"href":"https:\/\/www.tc26-bijoux.com\/index.php?rest_route=%2Fwp%2Fv2%2Fproduct_cat&post=43246"},{"taxonomy":"product_tag","embeddable":true,"href":"https:\/\/www.tc26-bijoux.com\/index.php?rest_route=%2Fwp%2Fv2%2Fproduct_tag&post=43246"}],"curies":[{"name":"wp","href":"https:\/\/api.w.org\/{rel}","templated":true}]}}