{"id":44534,"date":"2025-03-12T02:36:53","date_gmt":"2025-03-12T01:36:53","guid":{"rendered":"https:\/\/www.tc26-bijoux.com\/?post_type=product&#038;p=44534"},"modified":"2025-03-21T13:50:56","modified_gmt":"2025-03-21T12:50:56","slug":"bague-or-18-carats-et-diamants-anna-lou-2","status":"publish","type":"product","link":"https:\/\/www.tc26-bijoux.com\/?product=bague-or-18-carats-et-diamants-anna-lou-2","title":{"rendered":"Bague Or 18 Carats et Diamants Anna-Lou"},"content":{"rendered":"<p>La bague Anna-Lou est confectionn\u00e9e en or 18 carats, disponible en couleur or blanc, rose ou jaune. Elle est orn\u00e9e de diamants de couleur G, d&rsquo;une puret\u00e9 VS, d&rsquo;un poids total de 0,40 carats. La pierre principale de la bague est une citrine, avec un poids total de 1,60 carats. Les dimensions de la bague sont de 9&#215;10,5 mm, avec une largeur de bande de 1,7 mm. Cette bague allie l&rsquo;\u00e9clat des diamants et la beaut\u00e9 de la citrine pour cr\u00e9er un bijou unique et \u00e9l\u00e9gant, ajoutant une touche de couleur et de sophistication \u00e0 votre style.<\/p>\n","protected":false},"excerpt":{"rendered":"<p>La bague Anna-Lou est confectionn\u00e9e en or 18 carats, disponible en couleur or blanc, rose ou jaune. Elle est orn\u00e9e de diamants de couleur G, d&rsquo;une<span class=\"excerpt-hellip\"> [\u2026]<\/span><\/p>\n","protected":false},"featured_media":7988,"template":"","meta":{"_seopress_robots_primary_cat":"","_seopress_titles_title":"","_seopress_titles_desc":"","_seopress_robots_index":"","_seopress_analysis_target_kw":"","iawp_total_views":4},"product_brand":[],"product_cat":[277],"product_tag":[],"class_list":{"0":"post-44534","1":"product","2":"type-product","3":"status-publish","4":"has-post-thumbnail","6":"product_cat-bagues-diamants-citrines","8":"first","9":"instock","10":"shipping-taxable","11":"purchasable","12":"product-type-variable"},"_links":{"self":[{"href":"https:\/\/www.tc26-bijoux.com\/index.php?rest_route=\/wp\/v2\/product\/44534","targetHints":{"allow":["GET"]}}],"collection":[{"href":"https:\/\/www.tc26-bijoux.com\/index.php?rest_route=\/wp\/v2\/product"}],"about":[{"href":"https:\/\/www.tc26-bijoux.com\/index.php?rest_route=\/wp\/v2\/types\/product"}],"wp:featuredmedia":[{"embeddable":true,"href":"https:\/\/www.tc26-bijoux.com\/index.php?rest_route=\/wp\/v2\/media\/7988"}],"wp:attachment":[{"href":"https:\/\/www.tc26-bijoux.com\/index.php?rest_route=%2Fwp%2Fv2%2Fmedia&parent=44534"}],"wp:term":[{"taxonomy":"product_brand","embeddable":true,"href":"https:\/\/www.tc26-bijoux.com\/index.php?rest_route=%2Fwp%2Fv2%2Fproduct_brand&post=44534"},{"taxonomy":"product_cat","embeddable":true,"href":"https:\/\/www.tc26-bijoux.com\/index.php?rest_route=%2Fwp%2Fv2%2Fproduct_cat&post=44534"},{"taxonomy":"product_tag","embeddable":true,"href":"https:\/\/www.tc26-bijoux.com\/index.php?rest_route=%2Fwp%2Fv2%2Fproduct_tag&post=44534"}],"curies":[{"name":"wp","href":"https:\/\/api.w.org\/{rel}","templated":true}]}}