{"id":45993,"date":"2025-03-12T02:44:46","date_gmt":"2025-03-12T01:44:46","guid":{"rendered":"https:\/\/www.tc26-bijoux.com\/?post_type=product&#038;p=45993"},"modified":"2025-03-21T13:53:57","modified_gmt":"2025-03-21T12:53:57","slug":"angela-or-blancdiamant-saphir","status":"publish","type":"product","link":"https:\/\/www.tc26-bijoux.com\/?product=angela-or-blancdiamant-saphir","title":{"rendered":"Angela or blanc,Diamant Saphir"},"content":{"rendered":"<p>La bague Angela en or 18 carats et diamants est une pi\u00e8ce raffin\u00e9e en or blanc. Elle est orn\u00e9e d&rsquo;un saphir d&rsquo;une taille de 1,30 carats, qui ajoute une touche de couleur et d&rsquo;\u00e9l\u00e9gance. Autour du saphir se trouvent des diamants, avec un caratage total de 0,90 carats. Les diamants utilis\u00e9s sont de haute qualit\u00e9, avec une puret\u00e9 de GVS, assurant un \u00e9clat et une brillance remarquables. Cette bague est un choix luxueux pour ceux qui recherchent une combinaison de pierres pr\u00e9cieuses et de diamants dans un design sophistiqu\u00e9.<\/p>\n","protected":false},"excerpt":{"rendered":"<p>Mati\u00e8re\u00a0: Or\u00a018 Carats<\/p>\n<p>Couleur m\u00e9tal\u00a0: Blanc\u00a0<\/p>\n<p>Couleur de pierre :\u00a0\u00a0Saphir\u00a01.30\u00a0cts<\/p>\n<p>Nature de\u00a0la \u00a0Pierres\u00a0: Diamants\u00a0<\/p>\n<p>Caratage Total\u00a0: 0.90\u00a0Carats\u00a0<\/p>\n<p>Puret\u00e9 \u00a0Diamants\u00a0: GVS\u00a0<\/p>\n<p>R\u00e9f\u00e9rence\u00a0:SL6818<\/p>\n","protected":false},"featured_media":10372,"template":"","meta":{"_seopress_robots_primary_cat":"","_seopress_titles_title":"","_seopress_titles_desc":"","_seopress_robots_index":"","_seopress_analysis_target_kw":"","iawp_total_views":7},"product_brand":[],"product_cat":[88],"product_tag":[],"class_list":{"0":"post-45993","1":"product","2":"type-product","3":"status-publish","4":"has-post-thumbnail","6":"product_cat-bagues-pierres-precieuses","8":"first","9":"instock","10":"shipping-taxable","11":"purchasable","12":"product-type-variable"},"_links":{"self":[{"href":"https:\/\/www.tc26-bijoux.com\/index.php?rest_route=\/wp\/v2\/product\/45993","targetHints":{"allow":["GET"]}}],"collection":[{"href":"https:\/\/www.tc26-bijoux.com\/index.php?rest_route=\/wp\/v2\/product"}],"about":[{"href":"https:\/\/www.tc26-bijoux.com\/index.php?rest_route=\/wp\/v2\/types\/product"}],"wp:featuredmedia":[{"embeddable":true,"href":"https:\/\/www.tc26-bijoux.com\/index.php?rest_route=\/wp\/v2\/media\/10372"}],"wp:attachment":[{"href":"https:\/\/www.tc26-bijoux.com\/index.php?rest_route=%2Fwp%2Fv2%2Fmedia&parent=45993"}],"wp:term":[{"taxonomy":"product_brand","embeddable":true,"href":"https:\/\/www.tc26-bijoux.com\/index.php?rest_route=%2Fwp%2Fv2%2Fproduct_brand&post=45993"},{"taxonomy":"product_cat","embeddable":true,"href":"https:\/\/www.tc26-bijoux.com\/index.php?rest_route=%2Fwp%2Fv2%2Fproduct_cat&post=45993"},{"taxonomy":"product_tag","embeddable":true,"href":"https:\/\/www.tc26-bijoux.com\/index.php?rest_route=%2Fwp%2Fv2%2Fproduct_tag&post=45993"}],"curies":[{"name":"wp","href":"https:\/\/api.w.org\/{rel}","templated":true}]}}