{"id":51406,"date":"2025-03-12T03:17:11","date_gmt":"2025-03-12T02:17:11","guid":{"rendered":"https:\/\/www.tc26-bijoux.com\/?post_type=product&#038;p=51406"},"modified":"2025-03-21T14:03:05","modified_gmt":"2025-03-21T13:03:05","slug":"bague-diamants-saphir-atys","status":"publish","type":"product","link":"https:\/\/www.tc26-bijoux.com\/?product=bague-diamants-saphir-atys","title":{"rendered":"Bague Diamants Saphir Atys"},"content":{"rendered":"<p>La bague Atys en or 18 carats et pierres pr\u00e9cieuses est un bijou remarquable en or blanc. Elle est disponible avec une pierre centrale au choix parmi le bleu saphir, l&rsquo;\u00e9meraude ou le rubis. Cette pierre est entour\u00e9e de diamants d&rsquo;un caratage total de 0,25 carats, avec une puret\u00e9 de GVS, ajoutant une brillance et une \u00e9l\u00e9gance suppl\u00e9mentaires \u00e0 la bague. La bague Atys en or 18 carats est un choix parfait pour ceux qui recherchent une bague unique et luxueuse, avec une pierre pr\u00e9cieuse captivante.<\/p>\n","protected":false},"excerpt":{"rendered":"<p>La bague Atys en or 18 carats et pierres pr\u00e9cieuses est un bijou remarquable en or blanc. Elle est disponible avec une pierre centrale au choix<span class=\"excerpt-hellip\"> [\u2026]<\/span><\/p>\n","protected":false},"featured_media":11440,"template":"","meta":{"_seopress_robots_primary_cat":"","_seopress_titles_title":"","_seopress_titles_desc":"","_seopress_robots_index":"","_seopress_analysis_target_kw":"","iawp_total_views":2},"product_brand":[],"product_cat":[88],"product_tag":[],"class_list":{"0":"post-51406","1":"product","2":"type-product","3":"status-publish","4":"has-post-thumbnail","6":"product_cat-bagues-pierres-precieuses","8":"first","9":"instock","10":"shipping-taxable","11":"purchasable","12":"product-type-variable"},"_links":{"self":[{"href":"https:\/\/www.tc26-bijoux.com\/index.php?rest_route=\/wp\/v2\/product\/51406","targetHints":{"allow":["GET"]}}],"collection":[{"href":"https:\/\/www.tc26-bijoux.com\/index.php?rest_route=\/wp\/v2\/product"}],"about":[{"href":"https:\/\/www.tc26-bijoux.com\/index.php?rest_route=\/wp\/v2\/types\/product"}],"wp:featuredmedia":[{"embeddable":true,"href":"https:\/\/www.tc26-bijoux.com\/index.php?rest_route=\/wp\/v2\/media\/11440"}],"wp:attachment":[{"href":"https:\/\/www.tc26-bijoux.com\/index.php?rest_route=%2Fwp%2Fv2%2Fmedia&parent=51406"}],"wp:term":[{"taxonomy":"product_brand","embeddable":true,"href":"https:\/\/www.tc26-bijoux.com\/index.php?rest_route=%2Fwp%2Fv2%2Fproduct_brand&post=51406"},{"taxonomy":"product_cat","embeddable":true,"href":"https:\/\/www.tc26-bijoux.com\/index.php?rest_route=%2Fwp%2Fv2%2Fproduct_cat&post=51406"},{"taxonomy":"product_tag","embeddable":true,"href":"https:\/\/www.tc26-bijoux.com\/index.php?rest_route=%2Fwp%2Fv2%2Fproduct_tag&post=51406"}],"curies":[{"name":"wp","href":"https:\/\/api.w.org\/{rel}","templated":true}]}}