{"id":52278,"date":"2025-03-12T03:22:56","date_gmt":"2025-03-12T02:22:56","guid":{"rendered":"https:\/\/www.tc26-bijoux.com\/?post_type=product&#038;p=52278"},"modified":"2025-03-21T14:04:33","modified_gmt":"2025-03-21T13:04:33","slug":"bague-or-18-carats-et-diamants-fee","status":"publish","type":"product","link":"https:\/\/www.tc26-bijoux.com\/?product=bague-or-18-carats-et-diamants-fee","title":{"rendered":"Bague Or 18 Carats et Diamants F\u00e9e"},"content":{"rendered":"<p>La bague \u00ab\u00a0F\u00e9e\u00a0\u00bb est un ravissant bijou en or 18 carats orn\u00e9 de diamants et d&rsquo;un saphir d&rsquo;une couleur \u00e9clatante de 1,35 carats. Les diamants ajoutent une touche d&rsquo;\u00e9clat et de brillance suppl\u00e9mentaire \u00e0 cette magnifique bague. Le caratage total des diamants est de 0,25 carats, ce qui conf\u00e8re \u00e0 la bague une subtile scintillation. Avec son design \u00e9l\u00e9gant et sa combinaison harmonieuse de pierres pr\u00e9cieuses, cette bague est le choix id\u00e9al pour celles qui recherchent \u00e0 la fois la beaut\u00e9 et la sophistication.<\/p>\n","protected":false},"excerpt":{"rendered":"<p>Mati\u00e8re\u00a0: Or 18 Carats<\/p>\n<p>Couleur m\u00e9tal\u00a0: Blanc\u00a0<\/p>\n<p>Couleur de pierre :\u00a0\u00a0Saphir\u00a01.35\u00a0cts<\/p>\n<p>Nature de\u00a0la \u00a0Pierres\u00a0: Diamants\u00a0<\/p>\n<p>Caratage Total\u00a0: 0.25\u00a0Carats\u00a0<\/p>\n<p>Puret\u00e9 \u00a0Diamants\u00a0: GVS\u00a0<\/p>\n<p>R\u00e9f\u00e9rence\u00a0:SL7449<\/p>\n","protected":false},"featured_media":10310,"template":"","meta":{"_seopress_robots_primary_cat":"","_seopress_titles_title":"","_seopress_titles_desc":"","_seopress_robots_index":"","_seopress_analysis_target_kw":"","iawp_total_views":0},"product_brand":[],"product_cat":[88],"product_tag":[],"class_list":{"0":"post-52278","1":"product","2":"type-product","3":"status-publish","4":"has-post-thumbnail","6":"product_cat-bagues-pierres-precieuses","8":"first","9":"instock","10":"shipping-taxable","11":"purchasable","12":"product-type-variable"},"_links":{"self":[{"href":"https:\/\/www.tc26-bijoux.com\/index.php?rest_route=\/wp\/v2\/product\/52278","targetHints":{"allow":["GET"]}}],"collection":[{"href":"https:\/\/www.tc26-bijoux.com\/index.php?rest_route=\/wp\/v2\/product"}],"about":[{"href":"https:\/\/www.tc26-bijoux.com\/index.php?rest_route=\/wp\/v2\/types\/product"}],"wp:featuredmedia":[{"embeddable":true,"href":"https:\/\/www.tc26-bijoux.com\/index.php?rest_route=\/wp\/v2\/media\/10310"}],"wp:attachment":[{"href":"https:\/\/www.tc26-bijoux.com\/index.php?rest_route=%2Fwp%2Fv2%2Fmedia&parent=52278"}],"wp:term":[{"taxonomy":"product_brand","embeddable":true,"href":"https:\/\/www.tc26-bijoux.com\/index.php?rest_route=%2Fwp%2Fv2%2Fproduct_brand&post=52278"},{"taxonomy":"product_cat","embeddable":true,"href":"https:\/\/www.tc26-bijoux.com\/index.php?rest_route=%2Fwp%2Fv2%2Fproduct_cat&post=52278"},{"taxonomy":"product_tag","embeddable":true,"href":"https:\/\/www.tc26-bijoux.com\/index.php?rest_route=%2Fwp%2Fv2%2Fproduct_tag&post=52278"}],"curies":[{"name":"wp","href":"https:\/\/api.w.org\/{rel}","templated":true}]}}