{"id":53994,"date":"2025-03-12T12:00:43","date_gmt":"2025-03-12T11:00:43","guid":{"rendered":"https:\/\/www.tc26-bijoux.com\/?post_type=product&#038;p=53994"},"modified":"2025-03-21T14:08:41","modified_gmt":"2025-03-21T13:08:41","slug":"bracelet-diamants-et-or-18-carat-mercuriel","status":"publish","type":"product","link":"https:\/\/www.tc26-bijoux.com\/?product=bracelet-diamants-et-or-18-carat-mercuriel","title":{"rendered":"Bracelet Diamants et Or 18 carat Mercuriel"},"content":{"rendered":"<p>Le bracelet Mercuriel en diamants et or 18 carats est disponible dans trois magnifiques options de couleur : Blanc, Rose et Jaune. Il est orn\u00e9 de diamants avec un caratage de 0,12 carat, 0,20 carat ou 0,40 carat, selon votre pr\u00e9f\u00e9rence. La largeur de la cha\u00eene varie \u00e9galement, avec des options de 2,8 mm, 3,2 mm et 3,6 mm. Les diamants ont une puret\u00e9 GVS, assurant un \u00e9clat \u00e9tincelant et une qualit\u00e9 exceptionnelle. Les r\u00e9f\u00e9rences pour les diff\u00e9rentes variations de couleur sont BJB0734A pour le Blanc, BJB0734B pour le Rose et BJB0734C pour le Jaune. Le bracelet Mercuriel est un bijou \u00e9l\u00e9gant et intemporel, ajoutant une touche de luxe et de sophistication \u00e0 votre poignet.<\/p>\n","protected":false},"excerpt":{"rendered":"<p>Mati\u00e8re : Or 18 carat\u00a0<\/p>\n<p>Couleur m\u00e9tal : Blanc \/ Rose \/ Jaune<\/p>\n<p>Nature des Pierres : Diamants\u00a0<\/p>\n<p>Caratage des Pierres\u00a0\u00a0: 0.12 \/0.20 \/ 0.40\u00a0Carats<\/p>\n<p>Largeur de la chaine : 2.8 \/ 3.2 \/ 3.6\u00a0 mm<\/p>\n<p>Puret\u00e9 \u00a0Diamants : GVS\u00a0<\/p>\n<p>R\u00e9f\u00e9rence : BJB0734A \/ BJB0734B \/ BJB0734C<\/p>\n","protected":false},"featured_media":1699,"template":"","meta":{"_seopress_robots_primary_cat":"","_seopress_titles_title":"","_seopress_titles_desc":"","_seopress_robots_index":"","_seopress_analysis_target_kw":"","iawp_total_views":20},"product_brand":[],"product_cat":[85],"product_tag":[],"class_list":{"0":"post-53994","1":"product","2":"type-product","3":"status-publish","4":"has-post-thumbnail","6":"product_cat-bracelets-chaines-diamants","8":"first","9":"instock","10":"shipping-taxable","11":"purchasable","12":"product-type-variable"},"_links":{"self":[{"href":"https:\/\/www.tc26-bijoux.com\/index.php?rest_route=\/wp\/v2\/product\/53994","targetHints":{"allow":["GET"]}}],"collection":[{"href":"https:\/\/www.tc26-bijoux.com\/index.php?rest_route=\/wp\/v2\/product"}],"about":[{"href":"https:\/\/www.tc26-bijoux.com\/index.php?rest_route=\/wp\/v2\/types\/product"}],"wp:featuredmedia":[{"embeddable":true,"href":"https:\/\/www.tc26-bijoux.com\/index.php?rest_route=\/wp\/v2\/media\/1699"}],"wp:attachment":[{"href":"https:\/\/www.tc26-bijoux.com\/index.php?rest_route=%2Fwp%2Fv2%2Fmedia&parent=53994"}],"wp:term":[{"taxonomy":"product_brand","embeddable":true,"href":"https:\/\/www.tc26-bijoux.com\/index.php?rest_route=%2Fwp%2Fv2%2Fproduct_brand&post=53994"},{"taxonomy":"product_cat","embeddable":true,"href":"https:\/\/www.tc26-bijoux.com\/index.php?rest_route=%2Fwp%2Fv2%2Fproduct_cat&post=53994"},{"taxonomy":"product_tag","embeddable":true,"href":"https:\/\/www.tc26-bijoux.com\/index.php?rest_route=%2Fwp%2Fv2%2Fproduct_tag&post=53994"}],"curies":[{"name":"wp","href":"https:\/\/api.w.org\/{rel}","templated":true}]}}