{"id":54062,"date":"2025-03-12T12:01:03","date_gmt":"2025-03-12T11:01:03","guid":{"rendered":"https:\/\/www.tc26-bijoux.com\/?post_type=product&#038;p=54062"},"modified":"2025-03-21T14:08:46","modified_gmt":"2025-03-21T13:08:46","slug":"bracelet-or-18-carat-et-diamants-acia","status":"publish","type":"product","link":"https:\/\/www.tc26-bijoux.com\/?product=bracelet-or-18-carat-et-diamants-acia","title":{"rendered":"Bracelet Or 18 carat et Diamants Acia"},"content":{"rendered":"<p>Le bracelet Acia en or 18 carats et diamants est disponible dans deux magnifiques options de couleur : Blanc et Rose. Il est orn\u00e9 de diamants d&rsquo;une couleur G et d&rsquo;une puret\u00e9 VS, assurant un \u00e9clat \u00e9blouissant et une qualit\u00e9 sup\u00e9rieure. Vous avez le choix entre trois poids totaux de diamants : 0,20 carat, 0,25 carat et 0,50 carat. Le bracelet est disponible dans diff\u00e9rentes dimensions : 4,5 mm, 5,0 mm et 6,0 mm. Avec son design \u00e9l\u00e9gant et ses diamants \u00e9tincelants, le bracelet Acia est un bijou raffin\u00e9 qui apportera une touche de luxe et d&rsquo;\u00e9l\u00e9gance \u00e0 votre poignet.<\/p>\n","protected":false},"excerpt":{"rendered":"<p>Le bracelet Acia en or 18 carats et diamants est disponible dans deux magnifiques options de couleur : Blanc et Rose. Il est orn\u00e9 de diamants<span class=\"excerpt-hellip\"> [\u2026]<\/span><\/p>\n","protected":false},"featured_media":1708,"template":"","meta":{"_seopress_robots_primary_cat":"","_seopress_titles_title":"","_seopress_titles_desc":"","_seopress_robots_index":"","_seopress_analysis_target_kw":"","iawp_total_views":5},"product_brand":[],"product_cat":[85],"product_tag":[],"class_list":{"0":"post-54062","1":"product","2":"type-product","3":"status-publish","4":"has-post-thumbnail","6":"product_cat-bracelets-chaines-diamants","8":"first","9":"instock","10":"shipping-taxable","11":"purchasable","12":"product-type-variable"},"_links":{"self":[{"href":"https:\/\/www.tc26-bijoux.com\/index.php?rest_route=\/wp\/v2\/product\/54062","targetHints":{"allow":["GET"]}}],"collection":[{"href":"https:\/\/www.tc26-bijoux.com\/index.php?rest_route=\/wp\/v2\/product"}],"about":[{"href":"https:\/\/www.tc26-bijoux.com\/index.php?rest_route=\/wp\/v2\/types\/product"}],"wp:featuredmedia":[{"embeddable":true,"href":"https:\/\/www.tc26-bijoux.com\/index.php?rest_route=\/wp\/v2\/media\/1708"}],"wp:attachment":[{"href":"https:\/\/www.tc26-bijoux.com\/index.php?rest_route=%2Fwp%2Fv2%2Fmedia&parent=54062"}],"wp:term":[{"taxonomy":"product_brand","embeddable":true,"href":"https:\/\/www.tc26-bijoux.com\/index.php?rest_route=%2Fwp%2Fv2%2Fproduct_brand&post=54062"},{"taxonomy":"product_cat","embeddable":true,"href":"https:\/\/www.tc26-bijoux.com\/index.php?rest_route=%2Fwp%2Fv2%2Fproduct_cat&post=54062"},{"taxonomy":"product_tag","embeddable":true,"href":"https:\/\/www.tc26-bijoux.com\/index.php?rest_route=%2Fwp%2Fv2%2Fproduct_tag&post=54062"}],"curies":[{"name":"wp","href":"https:\/\/api.w.org\/{rel}","templated":true}]}}