{"id":54083,"date":"2025-03-12T12:01:07","date_gmt":"2025-03-12T11:01:07","guid":{"rendered":"https:\/\/www.tc26-bijoux.com\/?post_type=product&#038;p=54083"},"modified":"2025-03-21T14:08:46","modified_gmt":"2025-03-21T13:08:46","slug":"bracelet-diamants-et-or-18-carat-avital","status":"publish","type":"product","link":"https:\/\/www.tc26-bijoux.com\/?product=bracelet-diamants-et-or-18-carat-avital","title":{"rendered":"Bracelet Diamants et Or 18 carat Avital"},"content":{"rendered":"<p>Le bracelet Avital en diamants et or 18 carats est disponible dans deux options de couleur : Blanc et Rose. Il est orn\u00e9 de diamants d&rsquo;une couleur G et d&rsquo;une puret\u00e9 VS, ce qui garantit un \u00e9clat brillant et une excellente qualit\u00e9. Le diamant central a un poids de 0,20 carat, ajoutant une touche de brillance et de sophistication au bracelet. Le poids total des diamants est de 0,30 carat, offrant une apparence subtile et \u00e9l\u00e9gante. Avec des dimensions de 6&#215;8 mm, le bracelet Avital pr\u00e9sente un design d\u00e9licat et polyvalent qui peut \u00eatre port\u00e9 au quotidien ou pour des occasions sp\u00e9ciales. Ajoutez une touche de luxe et de glamour \u00e0 votre poignet avec le bracelet Avital, un bijou intemporel qui saura compl\u00e9ter parfaitement votre style.<\/p>\n","protected":false},"excerpt":{"rendered":"<p>Mati\u00e8re : Or\u00a018 carat\u00a0<\/p>\n<p>Couleur m\u00e9tal : Blanc \/ Rose\u00a0<\/p>\n<p>Nature des Pierres : Diamants\u00a0<\/p>\n<p>Couleur des diamants : G<\/p>\n<p>Puret\u00e9 des Diamants : VS\u00a0<\/p>\n<p>Poid du Diamant Central : 0.20\u00a0Carats\u00a0<\/p>\n<p>Poid total des Diamants\u00a0 : 0.30 Carats<\/p>\n<p>Dimension :\u00a06&#215;8\u00a0mm<\/p>\n<p>R\u00e9f\u00e9rence : DNB0068<\/p>\n","protected":false},"featured_media":1735,"template":"","meta":{"_seopress_robots_primary_cat":"","_seopress_titles_title":"","_seopress_titles_desc":"","_seopress_robots_index":"","_seopress_analysis_target_kw":"","iawp_total_views":5},"product_brand":[],"product_cat":[85],"product_tag":[],"class_list":{"0":"post-54083","1":"product","2":"type-product","3":"status-publish","4":"has-post-thumbnail","6":"product_cat-bracelets-chaines-diamants","8":"first","9":"instock","10":"shipping-taxable","11":"purchasable","12":"product-type-variable"},"_links":{"self":[{"href":"https:\/\/www.tc26-bijoux.com\/index.php?rest_route=\/wp\/v2\/product\/54083","targetHints":{"allow":["GET"]}}],"collection":[{"href":"https:\/\/www.tc26-bijoux.com\/index.php?rest_route=\/wp\/v2\/product"}],"about":[{"href":"https:\/\/www.tc26-bijoux.com\/index.php?rest_route=\/wp\/v2\/types\/product"}],"wp:featuredmedia":[{"embeddable":true,"href":"https:\/\/www.tc26-bijoux.com\/index.php?rest_route=\/wp\/v2\/media\/1735"}],"wp:attachment":[{"href":"https:\/\/www.tc26-bijoux.com\/index.php?rest_route=%2Fwp%2Fv2%2Fmedia&parent=54083"}],"wp:term":[{"taxonomy":"product_brand","embeddable":true,"href":"https:\/\/www.tc26-bijoux.com\/index.php?rest_route=%2Fwp%2Fv2%2Fproduct_brand&post=54083"},{"taxonomy":"product_cat","embeddable":true,"href":"https:\/\/www.tc26-bijoux.com\/index.php?rest_route=%2Fwp%2Fv2%2Fproduct_cat&post=54083"},{"taxonomy":"product_tag","embeddable":true,"href":"https:\/\/www.tc26-bijoux.com\/index.php?rest_route=%2Fwp%2Fv2%2Fproduct_tag&post=54083"}],"curies":[{"name":"wp","href":"https:\/\/api.w.org\/{rel}","templated":true}]}}