{"id":54098,"date":"2025-03-12T12:01:13","date_gmt":"2025-03-12T11:01:13","guid":{"rendered":"https:\/\/www.tc26-bijoux.com\/?post_type=product&#038;p=54098"},"modified":"2025-03-21T14:08:47","modified_gmt":"2025-03-21T13:08:47","slug":"bracelet-neli-or-diamants","status":"publish","type":"product","link":"https:\/\/www.tc26-bijoux.com\/?product=bracelet-neli-or-diamants","title":{"rendered":"Bracelet N\u00e9li Or Diamants"},"content":{"rendered":"<p>Plongez dans un monde de sophistication et d&rsquo;\u00e9clat avec notre dernier bijou de luxe : le bracelet \u00ab\u00a0N\u00e9li Diamant Or\u00a0\u00bb. Inspir\u00e9 par l&rsquo;essence m\u00eame de la romance parisienne, ce bracelet incarne l&rsquo;\u00e9l\u00e9gance intemporelle et la beaut\u00e9 exquise.<\/p>\n","protected":false},"excerpt":{"rendered":"<p>Or 18K poids: 4.13\u00a0gr<\/p>\n<p>Diamants poids:\u00a00.19\u00a0cts \/ 31\u00a0pcs<\/p>\n","protected":false},"featured_media":15136,"template":"","meta":{"_seopress_robots_primary_cat":"","_seopress_titles_title":"","_seopress_titles_desc":"","_seopress_robots_index":"","_seopress_analysis_target_kw":"","iawp_total_views":2},"product_brand":[],"product_cat":[85],"product_tag":[],"class_list":{"0":"post-54098","1":"product","2":"type-product","3":"status-publish","4":"has-post-thumbnail","6":"product_cat-bracelets-chaines-diamants","8":"first","9":"instock","10":"shipping-taxable","11":"purchasable","12":"product-type-variable"},"_links":{"self":[{"href":"https:\/\/www.tc26-bijoux.com\/index.php?rest_route=\/wp\/v2\/product\/54098","targetHints":{"allow":["GET"]}}],"collection":[{"href":"https:\/\/www.tc26-bijoux.com\/index.php?rest_route=\/wp\/v2\/product"}],"about":[{"href":"https:\/\/www.tc26-bijoux.com\/index.php?rest_route=\/wp\/v2\/types\/product"}],"wp:featuredmedia":[{"embeddable":true,"href":"https:\/\/www.tc26-bijoux.com\/index.php?rest_route=\/wp\/v2\/media\/15136"}],"wp:attachment":[{"href":"https:\/\/www.tc26-bijoux.com\/index.php?rest_route=%2Fwp%2Fv2%2Fmedia&parent=54098"}],"wp:term":[{"taxonomy":"product_brand","embeddable":true,"href":"https:\/\/www.tc26-bijoux.com\/index.php?rest_route=%2Fwp%2Fv2%2Fproduct_brand&post=54098"},{"taxonomy":"product_cat","embeddable":true,"href":"https:\/\/www.tc26-bijoux.com\/index.php?rest_route=%2Fwp%2Fv2%2Fproduct_cat&post=54098"},{"taxonomy":"product_tag","embeddable":true,"href":"https:\/\/www.tc26-bijoux.com\/index.php?rest_route=%2Fwp%2Fv2%2Fproduct_tag&post=54098"}],"curies":[{"name":"wp","href":"https:\/\/api.w.org\/{rel}","templated":true}]}}