{"id":54103,"date":"2025-03-12T12:01:14","date_gmt":"2025-03-12T11:01:14","guid":{"rendered":"https:\/\/www.tc26-bijoux.com\/?post_type=product&#038;p=54103"},"modified":"2025-03-21T14:08:49","modified_gmt":"2025-03-21T13:08:49","slug":"bracelet-or-18-carat-et-diamants-tiphany","status":"publish","type":"product","link":"https:\/\/www.tc26-bijoux.com\/?product=bracelet-or-18-carat-et-diamants-tiphany","title":{"rendered":"Bracelet Or 18 carat et Diamants Tiphany"},"content":{"rendered":"<p>Le bracelet Tiphany est un bijou en or 18 carats orn\u00e9 de diamants blancs. Les diamants utilis\u00e9s ont un caratage total de 0,45 carats, ce qui leur conf\u00e8re une belle pr\u00e9sence sur le bracelet. La largeur de la cha\u00eene est de 17 cm, ce qui en fait un bracelet de taille moyenne qui s&rsquo;adapte confortablement au poignet. Les diamants sont de qualit\u00e9 GVS, ce qui signifie qu&rsquo;ils ont une couleur l\u00e9g\u00e8rement teint\u00e9e de jaune (G) mais une puret\u00e9 \u00e9lev\u00e9e (VS). Cela garantit leur \u00e9clat et leur clart\u00e9. Le bracelet Tiphany est un choix \u00e9l\u00e9gant et raffin\u00e9 pour compl\u00e9ter votre style.<\/p>\n","protected":false},"excerpt":{"rendered":"<p>Le bracelet Tiphany est un bijou en or 18 carats orn\u00e9 de diamants blancs. Les diamants utilis\u00e9s ont un caratage total de 0,45 carats, ce qui<span class=\"excerpt-hellip\"> [\u2026]<\/span><\/p>\n","protected":false},"featured_media":13801,"template":"","meta":{"_seopress_robots_primary_cat":"","_seopress_titles_title":"","_seopress_titles_desc":"","_seopress_robots_index":"","_seopress_analysis_target_kw":"","iawp_total_views":11},"product_brand":[],"product_cat":[85],"product_tag":[],"class_list":{"0":"post-54103","1":"product","2":"type-product","3":"status-publish","4":"has-post-thumbnail","6":"product_cat-bracelets-chaines-diamants","8":"first","9":"instock","10":"shipping-taxable","11":"purchasable","12":"product-type-variable"},"_links":{"self":[{"href":"https:\/\/www.tc26-bijoux.com\/index.php?rest_route=\/wp\/v2\/product\/54103","targetHints":{"allow":["GET"]}}],"collection":[{"href":"https:\/\/www.tc26-bijoux.com\/index.php?rest_route=\/wp\/v2\/product"}],"about":[{"href":"https:\/\/www.tc26-bijoux.com\/index.php?rest_route=\/wp\/v2\/types\/product"}],"wp:featuredmedia":[{"embeddable":true,"href":"https:\/\/www.tc26-bijoux.com\/index.php?rest_route=\/wp\/v2\/media\/13801"}],"wp:attachment":[{"href":"https:\/\/www.tc26-bijoux.com\/index.php?rest_route=%2Fwp%2Fv2%2Fmedia&parent=54103"}],"wp:term":[{"taxonomy":"product_brand","embeddable":true,"href":"https:\/\/www.tc26-bijoux.com\/index.php?rest_route=%2Fwp%2Fv2%2Fproduct_brand&post=54103"},{"taxonomy":"product_cat","embeddable":true,"href":"https:\/\/www.tc26-bijoux.com\/index.php?rest_route=%2Fwp%2Fv2%2Fproduct_cat&post=54103"},{"taxonomy":"product_tag","embeddable":true,"href":"https:\/\/www.tc26-bijoux.com\/index.php?rest_route=%2Fwp%2Fv2%2Fproduct_tag&post=54103"}],"curies":[{"name":"wp","href":"https:\/\/api.w.org\/{rel}","templated":true}]}}