{"id":54129,"date":"2025-03-12T12:01:19","date_gmt":"2025-03-12T11:01:19","guid":{"rendered":"https:\/\/www.tc26-bijoux.com\/?post_type=product&#038;p=54129"},"modified":"2025-03-21T14:08:49","modified_gmt":"2025-03-21T13:08:49","slug":"bracelet-diamants-et-or-18-carat-adrianna-2","status":"publish","type":"product","link":"https:\/\/www.tc26-bijoux.com\/?product=bracelet-diamants-et-or-18-carat-adrianna-2","title":{"rendered":"Bracelet Diamants et Or 18 carat Adrianna"},"content":{"rendered":"<p>Le bracelet Adrianna en diamants et or 18 carats est disponible dans trois options de couleur : Blanc, Rose et Jaune. Il est orn\u00e9 de diamants d&rsquo;une couleur G et d&rsquo;une puret\u00e9 VS, assurant un \u00e9clat \u00e9tincelant et une qualit\u00e9 sup\u00e9rieure. Le poids total des diamants est de 0,10 carat, ce qui conf\u00e8re au bracelet une brillance subtile. Avec des dimensions de 9&#215;11 mm, le bracelet Adrianna pr\u00e9sente un design d\u00e9licat et \u00e9l\u00e9gant, id\u00e9al pour \u00eatre port\u00e9 au quotidien ou pour des occasions sp\u00e9ciales. La r\u00e9f\u00e9rence pour ce bracelet est BJB0005. Ajoutez une touche de sophistication et de luxe \u00e0 votre poignet avec le bracelet Adrianna, un bijou intemporel qui compl\u00e9tera parfaitement votre style.<\/p>\n","protected":false},"excerpt":{"rendered":"<p>Le bracelet Adrianna en diamants et or 18 carats est disponible dans trois options de couleur : Blanc, Rose et Jaune. Il est orn\u00e9 de diamants<span class=\"excerpt-hellip\"> [\u2026]<\/span><\/p>\n","protected":false},"featured_media":1706,"template":"","meta":{"_seopress_robots_primary_cat":"","_seopress_titles_title":"","_seopress_titles_desc":"","_seopress_robots_index":"","_seopress_analysis_target_kw":"","iawp_total_views":2},"product_brand":[],"product_cat":[82],"product_tag":[],"class_list":{"0":"post-54129","1":"product","2":"type-product","3":"status-publish","4":"has-post-thumbnail","6":"product_cat-bracelets-diamants","8":"first","9":"instock","10":"shipping-taxable","11":"purchasable","12":"product-type-variable"},"_links":{"self":[{"href":"https:\/\/www.tc26-bijoux.com\/index.php?rest_route=\/wp\/v2\/product\/54129","targetHints":{"allow":["GET"]}}],"collection":[{"href":"https:\/\/www.tc26-bijoux.com\/index.php?rest_route=\/wp\/v2\/product"}],"about":[{"href":"https:\/\/www.tc26-bijoux.com\/index.php?rest_route=\/wp\/v2\/types\/product"}],"wp:featuredmedia":[{"embeddable":true,"href":"https:\/\/www.tc26-bijoux.com\/index.php?rest_route=\/wp\/v2\/media\/1706"}],"wp:attachment":[{"href":"https:\/\/www.tc26-bijoux.com\/index.php?rest_route=%2Fwp%2Fv2%2Fmedia&parent=54129"}],"wp:term":[{"taxonomy":"product_brand","embeddable":true,"href":"https:\/\/www.tc26-bijoux.com\/index.php?rest_route=%2Fwp%2Fv2%2Fproduct_brand&post=54129"},{"taxonomy":"product_cat","embeddable":true,"href":"https:\/\/www.tc26-bijoux.com\/index.php?rest_route=%2Fwp%2Fv2%2Fproduct_cat&post=54129"},{"taxonomy":"product_tag","embeddable":true,"href":"https:\/\/www.tc26-bijoux.com\/index.php?rest_route=%2Fwp%2Fv2%2Fproduct_tag&post=54129"}],"curies":[{"name":"wp","href":"https:\/\/api.w.org\/{rel}","templated":true}]}}