{"id":54192,"date":"2025-03-12T12:01:37","date_gmt":"2025-03-12T11:01:37","guid":{"rendered":"https:\/\/www.tc26-bijoux.com\/?post_type=product&#038;p=54192"},"modified":"2025-03-21T14:08:55","modified_gmt":"2025-03-21T13:08:55","slug":"bracelet-chaine-vivia-2","status":"publish","type":"product","link":"https:\/\/www.tc26-bijoux.com\/?product=bracelet-chaine-vivia-2","title":{"rendered":"Bracelet Cha\u00eene Vivia"},"content":{"rendered":"<p>Le bracelet Cha\u00eene Vivia est un bijou en or 18 carats disponible en blanc ou en rose. Il est orn\u00e9 de diamants de couleur G et de puret\u00e9 VS, ce qui garantit leur belle brillance et leur clart\u00e9. Le diamant central a un poids de 0,20 carats, ajoutant une touche de luxe \u00e0 ce bracelet d\u00e9licat. Le poids total des diamants sur le bracelet est de 0,30 carats, ce qui cr\u00e9e un \u00e9clat subtil et \u00e9l\u00e9gant. Les dimensions du bracelet sont de 6 mm de largeur et 8 mm de longueur, lui conf\u00e9rant une taille d\u00e9licate et ajustable \u00e0 votre poignet. Le bracelet Cha\u00eene Vivia est un choix id\u00e9al pour ajouter une touche de sophistication et de glamour \u00e0 votre tenue.<\/p>\n","protected":false},"excerpt":{"rendered":"<p>Le bracelet Cha\u00eene Vivia est un bijou en or 18 carats disponible en blanc ou en rose. Il est orn\u00e9 de diamants de couleur G et<span class=\"excerpt-hellip\"> [\u2026]<\/span><\/p>\n","protected":false},"featured_media":1734,"template":"","meta":{"_seopress_robots_primary_cat":"","_seopress_titles_title":"","_seopress_titles_desc":"","_seopress_robots_index":"","_seopress_analysis_target_kw":"","iawp_total_views":1},"product_brand":[],"product_cat":[82],"product_tag":[],"class_list":{"0":"post-54192","1":"product","2":"type-product","3":"status-publish","4":"has-post-thumbnail","6":"product_cat-bracelets-diamants","8":"first","9":"instock","10":"shipping-taxable","11":"purchasable","12":"product-type-variable"},"_links":{"self":[{"href":"https:\/\/www.tc26-bijoux.com\/index.php?rest_route=\/wp\/v2\/product\/54192","targetHints":{"allow":["GET"]}}],"collection":[{"href":"https:\/\/www.tc26-bijoux.com\/index.php?rest_route=\/wp\/v2\/product"}],"about":[{"href":"https:\/\/www.tc26-bijoux.com\/index.php?rest_route=\/wp\/v2\/types\/product"}],"wp:featuredmedia":[{"embeddable":true,"href":"https:\/\/www.tc26-bijoux.com\/index.php?rest_route=\/wp\/v2\/media\/1734"}],"wp:attachment":[{"href":"https:\/\/www.tc26-bijoux.com\/index.php?rest_route=%2Fwp%2Fv2%2Fmedia&parent=54192"}],"wp:term":[{"taxonomy":"product_brand","embeddable":true,"href":"https:\/\/www.tc26-bijoux.com\/index.php?rest_route=%2Fwp%2Fv2%2Fproduct_brand&post=54192"},{"taxonomy":"product_cat","embeddable":true,"href":"https:\/\/www.tc26-bijoux.com\/index.php?rest_route=%2Fwp%2Fv2%2Fproduct_cat&post=54192"},{"taxonomy":"product_tag","embeddable":true,"href":"https:\/\/www.tc26-bijoux.com\/index.php?rest_route=%2Fwp%2Fv2%2Fproduct_tag&post=54192"}],"curies":[{"name":"wp","href":"https:\/\/api.w.org\/{rel}","templated":true}]}}