{"id":54541,"date":"2025-03-12T12:03:22","date_gmt":"2025-03-12T11:03:22","guid":{"rendered":"https:\/\/www.tc26-bijoux.com\/?post_type=product&#038;p=54541"},"modified":"2025-03-21T14:09:26","modified_gmt":"2025-03-21T13:09:26","slug":"bracelet-or-18-carat-et-diamants-valentina-3","status":"publish","type":"product","link":"https:\/\/www.tc26-bijoux.com\/?product=bracelet-or-18-carat-et-diamants-valentina-3","title":{"rendered":"Bracelet Or 18 carat et Diamants Valentina"},"content":{"rendered":"<p>Le bracelet Valentina est un bijou en or 18 carats agr\u00e9ment\u00e9 de diamants dans les couleurs blanc, rose et jaune. Les pierres utilis\u00e9es ont diff\u00e9rents caratages, offrant ainsi une vari\u00e9t\u00e9 d&rsquo;options. Vous pouvez choisir entre des pierres de 0,15 carat, 0,25 carat et 0,85 carat, selon vos pr\u00e9f\u00e9rences en mati\u00e8re de taille et de brillance. La largeur de la cha\u00eene varie \u00e9galement, avec des options de 2,4 mm et 2,7 mm. Les diamants sont de qualit\u00e9 GVS, ce qui signifie qu&rsquo;ils ont une couleur l\u00e9g\u00e8rement teint\u00e9e de jaune (G) mais une puret\u00e9 \u00e9lev\u00e9e (VS), assurant ainsi leur \u00e9clat et leur clart\u00e9. Que vous pr\u00e9f\u00e9riez une petite touche de diamant subtile ou une pr\u00e9sence plus imposante, le bracelet Valentina offre une combinaison \u00e9l\u00e9gante d&rsquo;or et de diamants pour compl\u00e9ter votre style.<\/p>\n","protected":false},"excerpt":{"rendered":"<p>Le bracelet Valentina est un bijou en or 18 carats agr\u00e9ment\u00e9 de diamants dans les couleurs blanc, rose et jaune. Les pierres utilis\u00e9es ont diff\u00e9rents caratages,<span class=\"excerpt-hellip\"> [\u2026]<\/span><\/p>\n","protected":false},"featured_media":1700,"template":"","meta":{"_seopress_robots_primary_cat":"","_seopress_titles_title":"","_seopress_titles_desc":"","_seopress_robots_index":"","_seopress_analysis_target_kw":"","iawp_total_views":5},"product_brand":[],"product_cat":[82],"product_tag":[],"class_list":{"0":"post-54541","1":"product","2":"type-product","3":"status-publish","4":"has-post-thumbnail","6":"product_cat-bracelets-diamants","8":"first","9":"instock","10":"shipping-taxable","11":"purchasable","12":"product-type-variable"},"_links":{"self":[{"href":"https:\/\/www.tc26-bijoux.com\/index.php?rest_route=\/wp\/v2\/product\/54541","targetHints":{"allow":["GET"]}}],"collection":[{"href":"https:\/\/www.tc26-bijoux.com\/index.php?rest_route=\/wp\/v2\/product"}],"about":[{"href":"https:\/\/www.tc26-bijoux.com\/index.php?rest_route=\/wp\/v2\/types\/product"}],"wp:featuredmedia":[{"embeddable":true,"href":"https:\/\/www.tc26-bijoux.com\/index.php?rest_route=\/wp\/v2\/media\/1700"}],"wp:attachment":[{"href":"https:\/\/www.tc26-bijoux.com\/index.php?rest_route=%2Fwp%2Fv2%2Fmedia&parent=54541"}],"wp:term":[{"taxonomy":"product_brand","embeddable":true,"href":"https:\/\/www.tc26-bijoux.com\/index.php?rest_route=%2Fwp%2Fv2%2Fproduct_brand&post=54541"},{"taxonomy":"product_cat","embeddable":true,"href":"https:\/\/www.tc26-bijoux.com\/index.php?rest_route=%2Fwp%2Fv2%2Fproduct_cat&post=54541"},{"taxonomy":"product_tag","embeddable":true,"href":"https:\/\/www.tc26-bijoux.com\/index.php?rest_route=%2Fwp%2Fv2%2Fproduct_tag&post=54541"}],"curies":[{"name":"wp","href":"https:\/\/api.w.org\/{rel}","templated":true}]}}