{"id":54576,"date":"2025-03-12T12:03:32","date_gmt":"2025-03-12T11:03:32","guid":{"rendered":"https:\/\/www.tc26-bijoux.com\/?post_type=product&#038;p=54576"},"modified":"2025-03-21T14:09:29","modified_gmt":"2025-03-21T13:09:29","slug":"bracelet-jonc-diamants-et-or-18-carats-kitty-2","status":"publish","type":"product","link":"https:\/\/www.tc26-bijoux.com\/?product=bracelet-jonc-diamants-et-or-18-carats-kitty-2","title":{"rendered":"Bracelet Jonc Diamants et Or 18 Carats kitty"},"content":{"rendered":"<p>Le bracelet jonc Kitty est un magnifique bracelet fabriqu\u00e9 en or 18 carats et orn\u00e9 de diamants. Il est disponible en diff\u00e9rentes couleurs de m\u00e9tal, notamment blanc, rose et jaune. Les diamants utilis\u00e9s dans le bracelet sont de couleur G et ont une puret\u00e9 GVS. Le caratage des pierres varie entre 0.33 et 0.75 carats, offrant ainsi diff\u00e9rentes options de taille pour r\u00e9pondre \u00e0 vos pr\u00e9f\u00e9rences. Le bracelet a une largeur de 6 ou 7 mm, ce qui lui conf\u00e8re une pr\u00e9sence \u00e9l\u00e9gante et remarquable autour de votre poignet. C&rsquo;est un bijou intemporel qui ajoute une touche de glamour et d&rsquo;\u00e9clat \u00e0 votre tenue.<\/p>\n","protected":false},"excerpt":{"rendered":"<p>Le bracelet jonc Kitty est un magnifique bracelet fabriqu\u00e9 en or 18 carats et orn\u00e9 de diamants. Il est disponible en diff\u00e9rentes couleurs de m\u00e9tal, notamment<span class=\"excerpt-hellip\"> [\u2026]<\/span><\/p>\n","protected":false},"featured_media":582,"template":"","meta":{"_seopress_robots_primary_cat":"","_seopress_titles_title":"","_seopress_titles_desc":"","_seopress_robots_index":"","_seopress_analysis_target_kw":"","iawp_total_views":4},"product_brand":[],"product_cat":[91],"product_tag":[],"class_list":{"0":"post-54576","1":"product","2":"type-product","3":"status-publish","4":"has-post-thumbnail","6":"product_cat-bracelets-joncs","8":"first","9":"instock","10":"shipping-taxable","11":"purchasable","12":"product-type-variable"},"_links":{"self":[{"href":"https:\/\/www.tc26-bijoux.com\/index.php?rest_route=\/wp\/v2\/product\/54576","targetHints":{"allow":["GET"]}}],"collection":[{"href":"https:\/\/www.tc26-bijoux.com\/index.php?rest_route=\/wp\/v2\/product"}],"about":[{"href":"https:\/\/www.tc26-bijoux.com\/index.php?rest_route=\/wp\/v2\/types\/product"}],"wp:featuredmedia":[{"embeddable":true,"href":"https:\/\/www.tc26-bijoux.com\/index.php?rest_route=\/wp\/v2\/media\/582"}],"wp:attachment":[{"href":"https:\/\/www.tc26-bijoux.com\/index.php?rest_route=%2Fwp%2Fv2%2Fmedia&parent=54576"}],"wp:term":[{"taxonomy":"product_brand","embeddable":true,"href":"https:\/\/www.tc26-bijoux.com\/index.php?rest_route=%2Fwp%2Fv2%2Fproduct_brand&post=54576"},{"taxonomy":"product_cat","embeddable":true,"href":"https:\/\/www.tc26-bijoux.com\/index.php?rest_route=%2Fwp%2Fv2%2Fproduct_cat&post=54576"},{"taxonomy":"product_tag","embeddable":true,"href":"https:\/\/www.tc26-bijoux.com\/index.php?rest_route=%2Fwp%2Fv2%2Fproduct_tag&post=54576"}],"curies":[{"name":"wp","href":"https:\/\/api.w.org\/{rel}","templated":true}]}}