{"id":54659,"date":"2025-03-12T12:03:53","date_gmt":"2025-03-12T11:03:53","guid":{"rendered":"https:\/\/www.tc26-bijoux.com\/?post_type=product&#038;p=54659"},"modified":"2025-03-21T14:09:35","modified_gmt":"2025-03-21T13:09:35","slug":"bracelet-diamants-et-or-18-carats-fiby-2","status":"publish","type":"product","link":"https:\/\/www.tc26-bijoux.com\/?product=bracelet-diamants-et-or-18-carats-fiby-2","title":{"rendered":"Bracelet Diamants et Or 18 Carats Fiby"},"content":{"rendered":"<p>Le bracelet \u00ab\u00a0Fiby\u00a0\u00bb est un superbe bijou en or 18 carats incrust\u00e9 de diamants d&rsquo;une couleur G et d&rsquo;une puret\u00e9 VS. Le poids total des diamants s&rsquo;\u00e9l\u00e8ve \u00e0 1,85 carats, ajoutant une brillance et une \u00e9l\u00e9gance \u00e9tincelantes au bracelet. Avec une largeur de 6 mm, ce bracelet est \u00e0 la fois d\u00e9licat et saisissant, id\u00e9al pour compl\u00e9ter votre tenue avec style. La combinaison de l&rsquo;or brillant et des diamants scintillants fait de ce bracelet un choix sophistiqu\u00e9 et intemporel.<\/p>\n","protected":false},"excerpt":{"rendered":"<p>Le bracelet \u00ab\u00a0Fiby\u00a0\u00bb est un superbe bijou en or 18 carats incrust\u00e9 de diamants d&rsquo;une couleur G et d&rsquo;une puret\u00e9 VS. Le poids total des diamants<span class=\"excerpt-hellip\"> [\u2026]<\/span><\/p>\n","protected":false},"featured_media":4888,"template":"","meta":{"_seopress_robots_primary_cat":"","_seopress_titles_title":"","_seopress_titles_desc":"","_seopress_robots_index":"","_seopress_analysis_target_kw":"","iawp_total_views":0},"product_brand":[],"product_cat":[91],"product_tag":[],"class_list":{"0":"post-54659","1":"product","2":"type-product","3":"status-publish","4":"has-post-thumbnail","6":"product_cat-bracelets-joncs","8":"first","9":"instock","10":"shipping-taxable","11":"purchasable","12":"product-type-variable"},"_links":{"self":[{"href":"https:\/\/www.tc26-bijoux.com\/index.php?rest_route=\/wp\/v2\/product\/54659","targetHints":{"allow":["GET"]}}],"collection":[{"href":"https:\/\/www.tc26-bijoux.com\/index.php?rest_route=\/wp\/v2\/product"}],"about":[{"href":"https:\/\/www.tc26-bijoux.com\/index.php?rest_route=\/wp\/v2\/types\/product"}],"wp:featuredmedia":[{"embeddable":true,"href":"https:\/\/www.tc26-bijoux.com\/index.php?rest_route=\/wp\/v2\/media\/4888"}],"wp:attachment":[{"href":"https:\/\/www.tc26-bijoux.com\/index.php?rest_route=%2Fwp%2Fv2%2Fmedia&parent=54659"}],"wp:term":[{"taxonomy":"product_brand","embeddable":true,"href":"https:\/\/www.tc26-bijoux.com\/index.php?rest_route=%2Fwp%2Fv2%2Fproduct_brand&post=54659"},{"taxonomy":"product_cat","embeddable":true,"href":"https:\/\/www.tc26-bijoux.com\/index.php?rest_route=%2Fwp%2Fv2%2Fproduct_cat&post=54659"},{"taxonomy":"product_tag","embeddable":true,"href":"https:\/\/www.tc26-bijoux.com\/index.php?rest_route=%2Fwp%2Fv2%2Fproduct_tag&post=54659"}],"curies":[{"name":"wp","href":"https:\/\/api.w.org\/{rel}","templated":true}]}}