{"id":54756,"date":"2025-03-12T12:04:22","date_gmt":"2025-03-12T11:04:22","guid":{"rendered":"https:\/\/www.tc26-bijoux.com\/?post_type=product&#038;p=54756"},"modified":"2025-03-21T14:09:41","modified_gmt":"2025-03-21T13:09:41","slug":"bracelet-diamants-et-or-18-carats-heloise","status":"publish","type":"product","link":"https:\/\/www.tc26-bijoux.com\/?product=bracelet-diamants-et-or-18-carats-heloise","title":{"rendered":"Bracelet Diamants et Or 18 Carats Heloise"},"content":{"rendered":"<p>Le bracelet Heloise en or 18 carats est un bijou magnifique et \u00e9l\u00e9gant, mettant en valeur des diamants d&rsquo;une qualit\u00e9 exceptionnelle. La nature des pierres utilis\u00e9es dans ce bracelet est des diamants, qui ajoutent une brillance et une beaut\u00e9 \u00e9blouissante. Le caratage total des diamants sur le bracelet est de 2,30 carats, cr\u00e9ant un effet scintillant et captivant. De plus, le bracelet est orn\u00e9 de topazes bleues, apportant une touche de couleur vive et ravissante. L&rsquo;or 18 carats offre une base solide et luxueuse \u00e0 ce bijou. Le bracelet Heloise en or 18 carats et diamants est un choix parfait pour compl\u00e9ter votre look avec une touche de glamour et de sophistication. Il ajoutera une note \u00e9tincelante \u00e0 votre poignet et attirera tous les regards.<\/p>\n","protected":false},"excerpt":{"rendered":"<p>Mati\u00e8re\u00a0: Or 18\u00a0Carats<\/p>\n<p>Couleur m\u00e9tal\u00a0: Blanc\u00a0<\/p>\n<p>Nature des Pierres\u00a0: Diamants\u00a0<\/p>\n<p>Caratage des Pierres\u00a0\u00a0:2.30\u00a0Carats\u00a0<\/p>\n<p>Couleur des pierre :Topaze Bleu<\/p>\n<p>Largeur\u00a0: 9.7\u00a0mm<\/p>\n<p>Couleur des Diamants\u00a0: G<\/p>\n<p>Puret\u00e9 des\u00a0Diamants\u00a0: VS\u00a0<\/p>\n<p>R\u00e9f\u00e9rence\u00a0: SB1762<\/p>\n","protected":false},"featured_media":11094,"template":"","meta":{"_seopress_robots_primary_cat":"","_seopress_titles_title":"","_seopress_titles_desc":"","_seopress_robots_index":"","_seopress_analysis_target_kw":"","iawp_total_views":1},"product_brand":[],"product_cat":[89],"product_tag":[],"class_list":{"0":"post-54756","1":"product","2":"type-product","3":"status-publish","4":"has-post-thumbnail","6":"product_cat-bracelets-pierres-precieuses","8":"first","9":"instock","10":"shipping-taxable","11":"purchasable","12":"product-type-variable"},"_links":{"self":[{"href":"https:\/\/www.tc26-bijoux.com\/index.php?rest_route=\/wp\/v2\/product\/54756","targetHints":{"allow":["GET"]}}],"collection":[{"href":"https:\/\/www.tc26-bijoux.com\/index.php?rest_route=\/wp\/v2\/product"}],"about":[{"href":"https:\/\/www.tc26-bijoux.com\/index.php?rest_route=\/wp\/v2\/types\/product"}],"wp:featuredmedia":[{"embeddable":true,"href":"https:\/\/www.tc26-bijoux.com\/index.php?rest_route=\/wp\/v2\/media\/11094"}],"wp:attachment":[{"href":"https:\/\/www.tc26-bijoux.com\/index.php?rest_route=%2Fwp%2Fv2%2Fmedia&parent=54756"}],"wp:term":[{"taxonomy":"product_brand","embeddable":true,"href":"https:\/\/www.tc26-bijoux.com\/index.php?rest_route=%2Fwp%2Fv2%2Fproduct_brand&post=54756"},{"taxonomy":"product_cat","embeddable":true,"href":"https:\/\/www.tc26-bijoux.com\/index.php?rest_route=%2Fwp%2Fv2%2Fproduct_cat&post=54756"},{"taxonomy":"product_tag","embeddable":true,"href":"https:\/\/www.tc26-bijoux.com\/index.php?rest_route=%2Fwp%2Fv2%2Fproduct_tag&post=54756"}],"curies":[{"name":"wp","href":"https:\/\/api.w.org\/{rel}","templated":true}]}}