{"id":54871,"date":"2025-03-12T12:04:54","date_gmt":"2025-03-12T11:04:54","guid":{"rendered":"https:\/\/www.tc26-bijoux.com\/?post_type=product&#038;p=54871"},"modified":"2025-03-21T14:09:56","modified_gmt":"2025-03-21T13:09:56","slug":"bracelet-diamants-et-or-18-carat-sarah-2","status":"publish","type":"product","link":"https:\/\/www.tc26-bijoux.com\/?product=bracelet-diamants-et-or-18-carat-sarah-2","title":{"rendered":"Bracelet Diamants et Or 18 carat Sarah"},"content":{"rendered":"<p>Le bracelet Sarah en diamants et or 18 carats est disponible dans une couleur : Blanc. Il est orn\u00e9 de diamants d&rsquo;une puret\u00e9 GVS, garantissant un \u00e9clat et une qualit\u00e9 exceptionnels. Vous avez le choix parmi une large gamme d&rsquo;options de caratage total, allant de 1,15 carat \u00e0 18,46 carats, vous permettant de choisir l&rsquo;intensit\u00e9 et la brillance qui correspondent \u00e0 vos pr\u00e9f\u00e9rences. La longueur de la bande est de 18 cm, offrant un ajustement confortable autour de votre poignet. Avec le bracelet Sarah, vous pouvez ajouter une touche de glamour et de sophistication \u00e0 votre look, que ce soit pour une occasion sp\u00e9ciale ou simplement pour mettre en valeur votre style quotidien. C&rsquo;est un bijou intemporel qui allie l&rsquo;\u00e9clat des diamants \u00e0 la beaut\u00e9 de l&rsquo;or 18 carats.<\/p>\n","protected":false},"excerpt":{"rendered":"<p>Le bracelet Sarah en diamants et or 18 carats est disponible dans une couleur : Blanc. Il est orn\u00e9 de diamants d&rsquo;une puret\u00e9 GVS, garantissant un<span class=\"excerpt-hellip\"> [\u2026]<\/span><\/p>\n","protected":false},"featured_media":8771,"template":"","meta":{"_seopress_robots_primary_cat":"","_seopress_titles_title":"","_seopress_titles_desc":"","_seopress_robots_index":"","_seopress_analysis_target_kw":"","iawp_total_views":9},"product_brand":[],"product_cat":[92],"product_tag":[],"class_list":{"0":"post-54871","1":"product","2":"type-product","3":"status-publish","4":"has-post-thumbnail","6":"product_cat-bracelets-rivieres","8":"first","9":"instock","10":"shipping-taxable","11":"purchasable","12":"product-type-variable"},"_links":{"self":[{"href":"https:\/\/www.tc26-bijoux.com\/index.php?rest_route=\/wp\/v2\/product\/54871","targetHints":{"allow":["GET"]}}],"collection":[{"href":"https:\/\/www.tc26-bijoux.com\/index.php?rest_route=\/wp\/v2\/product"}],"about":[{"href":"https:\/\/www.tc26-bijoux.com\/index.php?rest_route=\/wp\/v2\/types\/product"}],"wp:featuredmedia":[{"embeddable":true,"href":"https:\/\/www.tc26-bijoux.com\/index.php?rest_route=\/wp\/v2\/media\/8771"}],"wp:attachment":[{"href":"https:\/\/www.tc26-bijoux.com\/index.php?rest_route=%2Fwp%2Fv2%2Fmedia&parent=54871"}],"wp:term":[{"taxonomy":"product_brand","embeddable":true,"href":"https:\/\/www.tc26-bijoux.com\/index.php?rest_route=%2Fwp%2Fv2%2Fproduct_brand&post=54871"},{"taxonomy":"product_cat","embeddable":true,"href":"https:\/\/www.tc26-bijoux.com\/index.php?rest_route=%2Fwp%2Fv2%2Fproduct_cat&post=54871"},{"taxonomy":"product_tag","embeddable":true,"href":"https:\/\/www.tc26-bijoux.com\/index.php?rest_route=%2Fwp%2Fv2%2Fproduct_tag&post=54871"}],"curies":[{"name":"wp","href":"https:\/\/api.w.org\/{rel}","templated":true}]}}