{"id":54935,"date":"2025-03-12T12:05:11","date_gmt":"2025-03-12T11:05:11","guid":{"rendered":"https:\/\/www.tc26-bijoux.com\/?post_type=product&#038;p=54935"},"modified":"2025-04-29T16:58:33","modified_gmt":"2025-04-29T14:58:33","slug":"riviere-diamants-et-or-18-carats-jenna-2","status":"publish","type":"product","link":"https:\/\/www.tc26-bijoux.com\/?product=riviere-diamants-et-or-18-carats-jenna-2","title":{"rendered":"Rivi\u00e8re Diamants Jenna"},"content":{"rendered":"<p>La rivi\u00e8re Jenna en or 18 carats est un bijou \u00e9l\u00e9gant et raffin\u00e9. Elle est compos\u00e9e de diamants d&rsquo;un poids total de 1 carat, ce qui lui conf\u00e8re un \u00e9clat scintillant. Le mat\u00e9riau en or 18 carats ajoute une touche de luxe et de durabilit\u00e9 au collier. Avec un poids d&rsquo;or de 8,60 grammes, ce collier est bien \u00e9quilibr\u00e9 et agr\u00e9able \u00e0 porter. La rivi\u00e8re Jenna est un choix parfait pour les occasions sp\u00e9ciales ou pour ajouter une touche d&rsquo;\u00e9l\u00e9gance \u00e0 votre tenue quotidienne.<\/p>\n","protected":false},"excerpt":{"rendered":"<p>La rivi\u00e8re Jenna en or 18 carats est un bijou \u00e9l\u00e9gant et raffin\u00e9. Elle est compos\u00e9e de diamants d&rsquo;un poids total de 1 carat, ce qui<span class=\"excerpt-hellip\"> [\u2026]<\/span><\/p>\n","protected":false},"featured_media":14441,"template":"","meta":{"_seopress_robots_primary_cat":"","_seopress_titles_title":"","_seopress_titles_desc":"","_seopress_robots_index":"","_seopress_analysis_target_kw":"","iawp_total_views":3},"product_brand":[],"product_cat":[92],"product_tag":[],"class_list":{"0":"post-54935","1":"product","2":"type-product","3":"status-publish","4":"has-post-thumbnail","6":"product_cat-bracelets-rivieres","8":"first","9":"instock","10":"shipping-taxable","11":"purchasable","12":"product-type-variable"},"_links":{"self":[{"href":"https:\/\/www.tc26-bijoux.com\/index.php?rest_route=\/wp\/v2\/product\/54935","targetHints":{"allow":["GET"]}}],"collection":[{"href":"https:\/\/www.tc26-bijoux.com\/index.php?rest_route=\/wp\/v2\/product"}],"about":[{"href":"https:\/\/www.tc26-bijoux.com\/index.php?rest_route=\/wp\/v2\/types\/product"}],"wp:featuredmedia":[{"embeddable":true,"href":"https:\/\/www.tc26-bijoux.com\/index.php?rest_route=\/wp\/v2\/media\/14441"}],"wp:attachment":[{"href":"https:\/\/www.tc26-bijoux.com\/index.php?rest_route=%2Fwp%2Fv2%2Fmedia&parent=54935"}],"wp:term":[{"taxonomy":"product_brand","embeddable":true,"href":"https:\/\/www.tc26-bijoux.com\/index.php?rest_route=%2Fwp%2Fv2%2Fproduct_brand&post=54935"},{"taxonomy":"product_cat","embeddable":true,"href":"https:\/\/www.tc26-bijoux.com\/index.php?rest_route=%2Fwp%2Fv2%2Fproduct_cat&post=54935"},{"taxonomy":"product_tag","embeddable":true,"href":"https:\/\/www.tc26-bijoux.com\/index.php?rest_route=%2Fwp%2Fv2%2Fproduct_tag&post=54935"}],"curies":[{"name":"wp","href":"https:\/\/api.w.org\/{rel}","templated":true}]}}