{"id":55049,"date":"2025-03-12T12:05:44","date_gmt":"2025-03-12T11:05:44","guid":{"rendered":"https:\/\/www.tc26-bijoux.com\/?post_type=product&#038;p=55049"},"modified":"2025-03-21T14:10:05","modified_gmt":"2025-03-21T13:10:05","slug":"bracelet-or-18-carat-et-diamants-johanna","status":"publish","type":"product","link":"https:\/\/www.tc26-bijoux.com\/?product=bracelet-or-18-carat-et-diamants-johanna","title":{"rendered":"Bracelet Or 18 carat et Diamants Johanna"},"content":{"rendered":"<p>Le bracelet Johanna en or 18 carats et diamants est disponible dans une couleur : Blanc. Il est orn\u00e9 de diamants d&rsquo;une puret\u00e9 GVS, garantissant un \u00e9clat et une qualit\u00e9 exceptionnels. Vous avez le choix entre deux options de caratage total : 6,66 carats ou 10,0 carats, offrant une apparence luxueuse et impressionnante. La largeur de la bande est disponible en deux options : 7,0 mm ou 8,0 mm, permettant de choisir la taille qui convient le mieux \u00e0 votre style et \u00e0 votre pr\u00e9f\u00e9rence. Avec le bracelet Johanna, vous pouvez \u00eatre assur\u00e9 de porter un bijou d&rsquo;une beaut\u00e9 remarquable, mettant en valeur votre \u00e9l\u00e9gance et votre sophistication.<\/p>\n","protected":false},"excerpt":{"rendered":"<p>Le bracelet Johanna en or 18 carats et diamants est disponible dans une couleur : Blanc. Il est orn\u00e9 de diamants d&rsquo;une puret\u00e9 GVS, garantissant un<span class=\"excerpt-hellip\"> [\u2026]<\/span><\/p>\n","protected":false},"featured_media":8770,"template":"","meta":{"_seopress_robots_primary_cat":"","_seopress_titles_title":"","_seopress_titles_desc":"","_seopress_robots_index":"","_seopress_analysis_target_kw":"","iawp_total_views":3},"product_brand":[],"product_cat":[92],"product_tag":[],"class_list":{"0":"post-55049","1":"product","2":"type-product","3":"status-publish","4":"has-post-thumbnail","6":"product_cat-bracelets-rivieres","8":"first","9":"instock","10":"shipping-taxable","11":"purchasable","12":"product-type-variable"},"_links":{"self":[{"href":"https:\/\/www.tc26-bijoux.com\/index.php?rest_route=\/wp\/v2\/product\/55049","targetHints":{"allow":["GET"]}}],"collection":[{"href":"https:\/\/www.tc26-bijoux.com\/index.php?rest_route=\/wp\/v2\/product"}],"about":[{"href":"https:\/\/www.tc26-bijoux.com\/index.php?rest_route=\/wp\/v2\/types\/product"}],"wp:featuredmedia":[{"embeddable":true,"href":"https:\/\/www.tc26-bijoux.com\/index.php?rest_route=\/wp\/v2\/media\/8770"}],"wp:attachment":[{"href":"https:\/\/www.tc26-bijoux.com\/index.php?rest_route=%2Fwp%2Fv2%2Fmedia&parent=55049"}],"wp:term":[{"taxonomy":"product_brand","embeddable":true,"href":"https:\/\/www.tc26-bijoux.com\/index.php?rest_route=%2Fwp%2Fv2%2Fproduct_brand&post=55049"},{"taxonomy":"product_cat","embeddable":true,"href":"https:\/\/www.tc26-bijoux.com\/index.php?rest_route=%2Fwp%2Fv2%2Fproduct_cat&post=55049"},{"taxonomy":"product_tag","embeddable":true,"href":"https:\/\/www.tc26-bijoux.com\/index.php?rest_route=%2Fwp%2Fv2%2Fproduct_tag&post=55049"}],"curies":[{"name":"wp","href":"https:\/\/api.w.org\/{rel}","templated":true}]}}