{"id":55091,"date":"2025-03-12T12:05:56","date_gmt":"2025-03-12T11:05:56","guid":{"rendered":"https:\/\/www.tc26-bijoux.com\/?post_type=product&#038;p=55091"},"modified":"2025-03-21T14:10:08","modified_gmt":"2025-03-21T13:10:08","slug":"pendentif-diamants-aigue-marine-anna","status":"publish","type":"product","link":"https:\/\/www.tc26-bijoux.com\/?product=pendentif-diamants-aigue-marine-anna","title":{"rendered":"Pendentif Diamants Aigu\u00eb Marine Anna"},"content":{"rendered":"<p>Le collier Anna en or 18 carats est un bijou exquis en blanc. Il est agr\u00e9ment\u00e9 d&rsquo;une magnifique topaze bleue en tant que pierre centrale. Les diamants qui l&rsquo;entourent ont un caratage total de 1,50 carats et une puret\u00e9 de GVS, ajoutant une brillance et une \u00e9l\u00e9gance suppl\u00e9mentaires. Ce collier Anna est un choix parfait pour ajouter une touche de sophistication et de couleur \u00e0 n&rsquo;importe quelle tenue.<\/p>\n","protected":false},"excerpt":{"rendered":"<p>Mati\u00e8re\u00a0: Or\u00a018 Carats<\/p>\n<p>Couleur m\u00e9tal\u00a0: Blanc\u00a0<\/p>\n<p>Couleur de pierre :\u00a0\u00a0Aigue -Marine<\/p>\n<p>Nature de\u00a0la \u00a0Pierres\u00a0: Diamants\u00a0<\/p>\n<p>Caratage Total\u00a0: 1.50\u00a0Carats\u00a0<\/p>\n<p>Puret\u00e9 \u00a0Diamants\u00a0: GVS\u00a0<\/p>\n<p>R\u00e9f\u00e9rence\u00a0SP3994<\/p>\n","protected":false},"featured_media":11354,"template":"","meta":{"_seopress_robots_primary_cat":"","_seopress_titles_title":"","_seopress_titles_desc":"","_seopress_robots_index":"","_seopress_analysis_target_kw":"","iawp_total_views":3},"product_brand":[],"product_cat":[93],"product_tag":[],"class_list":{"0":"post-55091","1":"product","2":"type-product","3":"status-publish","4":"has-post-thumbnail","6":"product_cat-colliers-pierres-precieuses","8":"first","9":"instock","10":"shipping-taxable","11":"purchasable","12":"product-type-variable"},"_links":{"self":[{"href":"https:\/\/www.tc26-bijoux.com\/index.php?rest_route=\/wp\/v2\/product\/55091","targetHints":{"allow":["GET"]}}],"collection":[{"href":"https:\/\/www.tc26-bijoux.com\/index.php?rest_route=\/wp\/v2\/product"}],"about":[{"href":"https:\/\/www.tc26-bijoux.com\/index.php?rest_route=\/wp\/v2\/types\/product"}],"wp:featuredmedia":[{"embeddable":true,"href":"https:\/\/www.tc26-bijoux.com\/index.php?rest_route=\/wp\/v2\/media\/11354"}],"wp:attachment":[{"href":"https:\/\/www.tc26-bijoux.com\/index.php?rest_route=%2Fwp%2Fv2%2Fmedia&parent=55091"}],"wp:term":[{"taxonomy":"product_brand","embeddable":true,"href":"https:\/\/www.tc26-bijoux.com\/index.php?rest_route=%2Fwp%2Fv2%2Fproduct_brand&post=55091"},{"taxonomy":"product_cat","embeddable":true,"href":"https:\/\/www.tc26-bijoux.com\/index.php?rest_route=%2Fwp%2Fv2%2Fproduct_cat&post=55091"},{"taxonomy":"product_tag","embeddable":true,"href":"https:\/\/www.tc26-bijoux.com\/index.php?rest_route=%2Fwp%2Fv2%2Fproduct_tag&post=55091"}],"curies":[{"name":"wp","href":"https:\/\/api.w.org\/{rel}","templated":true}]}}