{"id":55096,"date":"2025-03-12T12:05:57","date_gmt":"2025-03-12T11:05:57","guid":{"rendered":"https:\/\/www.tc26-bijoux.com\/?post_type=product&#038;p=55096"},"modified":"2025-03-21T14:10:08","modified_gmt":"2025-03-21T13:10:08","slug":"collier-diamants-saphir-diane","status":"publish","type":"product","link":"https:\/\/www.tc26-bijoux.com\/?product=collier-diamants-saphir-diane","title":{"rendered":"Collier Diamants Saphir Diane"},"content":{"rendered":"<p>Le collier \u00ab\u00a0Diane\u00a0\u00bb en diamants et or 18 carats est un bijou d&rsquo;une grande beaut\u00e9 et d&rsquo;une \u00e9l\u00e9gance intemporelle. Il est orn\u00e9 d&rsquo;une pierre pr\u00e9cieuse de couleur au choix, que ce soit un rubis, un saphir ou une \u00e9meraude, avec une taille de 5 x 4 mm. Les diamants, d&rsquo;un caratage total de 0,60 carats, ajoutent une brillance \u00e9tincelante au collier. Ils affichent une puret\u00e9 GVS, garantissant ainsi leur qualit\u00e9 exceptionnelle. Ce collier est un v\u00e9ritable symbole de sophistication et peut \u00eatre port\u00e9 pour compl\u00e9ter des tenues aussi bien d\u00e9contract\u00e9es qu&rsquo;\u00e9l\u00e9gantes.<\/p>\n","protected":false},"excerpt":{"rendered":"<p>Le collier \u00ab\u00a0Diane\u00a0\u00bb en diamants et or 18 carats est un bijou d&rsquo;une grande beaut\u00e9 et d&rsquo;une \u00e9l\u00e9gance intemporelle. Il est orn\u00e9 d&rsquo;une pierre pr\u00e9cieuse de<span class=\"excerpt-hellip\"> [\u2026]<\/span><\/p>\n","protected":false},"featured_media":11863,"template":"","meta":{"_seopress_robots_primary_cat":"","_seopress_titles_title":"","_seopress_titles_desc":"","_seopress_robots_index":"","_seopress_analysis_target_kw":"","iawp_total_views":5},"product_brand":[],"product_cat":[93],"product_tag":[],"class_list":{"0":"post-55096","1":"product","2":"type-product","3":"status-publish","4":"has-post-thumbnail","6":"product_cat-colliers-pierres-precieuses","8":"first","9":"instock","10":"shipping-taxable","11":"purchasable","12":"product-type-variable"},"_links":{"self":[{"href":"https:\/\/www.tc26-bijoux.com\/index.php?rest_route=\/wp\/v2\/product\/55096","targetHints":{"allow":["GET"]}}],"collection":[{"href":"https:\/\/www.tc26-bijoux.com\/index.php?rest_route=\/wp\/v2\/product"}],"about":[{"href":"https:\/\/www.tc26-bijoux.com\/index.php?rest_route=\/wp\/v2\/types\/product"}],"wp:featuredmedia":[{"embeddable":true,"href":"https:\/\/www.tc26-bijoux.com\/index.php?rest_route=\/wp\/v2\/media\/11863"}],"wp:attachment":[{"href":"https:\/\/www.tc26-bijoux.com\/index.php?rest_route=%2Fwp%2Fv2%2Fmedia&parent=55096"}],"wp:term":[{"taxonomy":"product_brand","embeddable":true,"href":"https:\/\/www.tc26-bijoux.com\/index.php?rest_route=%2Fwp%2Fv2%2Fproduct_brand&post=55096"},{"taxonomy":"product_cat","embeddable":true,"href":"https:\/\/www.tc26-bijoux.com\/index.php?rest_route=%2Fwp%2Fv2%2Fproduct_cat&post=55096"},{"taxonomy":"product_tag","embeddable":true,"href":"https:\/\/www.tc26-bijoux.com\/index.php?rest_route=%2Fwp%2Fv2%2Fproduct_tag&post=55096"}],"curies":[{"name":"wp","href":"https:\/\/api.w.org\/{rel}","templated":true}]}}