{"id":55247,"date":"2025-03-12T12:06:44","date_gmt":"2025-03-12T11:06:44","guid":{"rendered":"https:\/\/www.tc26-bijoux.com\/?post_type=product&#038;p=55247"},"modified":"2025-03-21T14:10:20","modified_gmt":"2025-03-21T13:10:20","slug":"collier-or-18-carats-et-diamants-eye","status":"publish","type":"product","link":"https:\/\/www.tc26-bijoux.com\/?product=collier-or-18-carats-et-diamants-eye","title":{"rendered":"Collier Or 18 Carats et Diamants Eye"},"content":{"rendered":"<p>Le collier \u00ab\u00a0Eye\u00a0\u00bb est fabriqu\u00e9 en or 18 carats, ce qui lui conf\u00e8re une qualit\u00e9 et une brillance exceptionnelles. Il est orn\u00e9 de diamants d&rsquo;un poids total de 0,22 carat, ajoutant une touche de scintillement et d&rsquo;\u00e9l\u00e9gance \u00e0 ce bijou. Avec un poids d&rsquo;or de 7,70 grammes, le collier est \u00e9galement solide et durable. L&rsquo;ensemble combine le charme intemporel de l&rsquo;or avec l&rsquo;\u00e9clat des diamants, cr\u00e9ant ainsi un collier \u00e9blouissant et polyvalent qui peut \u00eatre port\u00e9 pour toutes les occasions.<\/p>\n","protected":false},"excerpt":{"rendered":"<p>Matiere :Or 18k<\/p>\n<p>Diamants: 0.22 ct<\/p>\n<p>Poid Or : 7.70 gr<\/p>\n","protected":false},"featured_media":14375,"template":"","meta":{"_seopress_robots_primary_cat":"","_seopress_titles_title":"","_seopress_titles_desc":"","_seopress_robots_index":"","_seopress_analysis_target_kw":"","iawp_total_views":2},"product_brand":[],"product_cat":[93],"product_tag":[],"class_list":{"0":"post-55247","1":"product","2":"type-product","3":"status-publish","4":"has-post-thumbnail","6":"product_cat-colliers-pierres-precieuses","8":"first","9":"instock","10":"shipping-taxable","11":"purchasable","12":"product-type-variable"},"_links":{"self":[{"href":"https:\/\/www.tc26-bijoux.com\/index.php?rest_route=\/wp\/v2\/product\/55247","targetHints":{"allow":["GET"]}}],"collection":[{"href":"https:\/\/www.tc26-bijoux.com\/index.php?rest_route=\/wp\/v2\/product"}],"about":[{"href":"https:\/\/www.tc26-bijoux.com\/index.php?rest_route=\/wp\/v2\/types\/product"}],"wp:featuredmedia":[{"embeddable":true,"href":"https:\/\/www.tc26-bijoux.com\/index.php?rest_route=\/wp\/v2\/media\/14375"}],"wp:attachment":[{"href":"https:\/\/www.tc26-bijoux.com\/index.php?rest_route=%2Fwp%2Fv2%2Fmedia&parent=55247"}],"wp:term":[{"taxonomy":"product_brand","embeddable":true,"href":"https:\/\/www.tc26-bijoux.com\/index.php?rest_route=%2Fwp%2Fv2%2Fproduct_brand&post=55247"},{"taxonomy":"product_cat","embeddable":true,"href":"https:\/\/www.tc26-bijoux.com\/index.php?rest_route=%2Fwp%2Fv2%2Fproduct_cat&post=55247"},{"taxonomy":"product_tag","embeddable":true,"href":"https:\/\/www.tc26-bijoux.com\/index.php?rest_route=%2Fwp%2Fv2%2Fproduct_tag&post=55247"}],"curies":[{"name":"wp","href":"https:\/\/api.w.org\/{rel}","templated":true}]}}