{"id":55308,"date":"2025-03-12T12:06:59","date_gmt":"2025-03-12T11:06:59","guid":{"rendered":"https:\/\/www.tc26-bijoux.com\/?post_type=product&#038;p=55308"},"modified":"2025-03-21T14:10:29","modified_gmt":"2025-03-21T13:10:29","slug":"collier-diamants-noir-emeraude-celebrity","status":"publish","type":"product","link":"https:\/\/www.tc26-bijoux.com\/?product=collier-diamants-noir-emeraude-celebrity","title":{"rendered":"Collier Diamants Noir \u00c9meraude Celebrity"},"content":{"rendered":"<p>Le bracelet \u00ab\u00a0Celebrity\u00a0\u00bb en or 18 carats est une pi\u00e8ce exceptionnelle qui combine l&rsquo;\u00e9l\u00e9gance de l&rsquo;or avec la beaut\u00e9 des diamants noirs et de l&rsquo;\u00e9meraude. Les diamants noirs, d&rsquo;un poids total de 1,54 carat, apportent une touche de myst\u00e8re et de sophistication au bracelet. L&rsquo;\u00e9meraude, d&rsquo;un poids de 5,27 carats, ajoute une note de couleur intense et de luxe. Avec un poids total d&rsquo;or de 11,53 grammes, le bracelet est \u00e9galement solide et durable. Le bracelet \u00ab\u00a0Celebrity\u00a0\u00bb est le choix id\u00e9al pour ceux qui recherchent un bijou unique et prestigieux qui fera tourner les t\u00eates et attirera les regards admiratifs.<\/p>\n","protected":false},"excerpt":{"rendered":"<p>Le bracelet \u00ab\u00a0Celebrity\u00a0\u00bb en or 18 carats est une pi\u00e8ce exceptionnelle qui combine l&rsquo;\u00e9l\u00e9gance de l&rsquo;or avec la beaut\u00e9 des diamants noirs et de l&rsquo;\u00e9meraude. Les<span class=\"excerpt-hellip\"> [\u2026]<\/span><\/p>\n","protected":false},"featured_media":14355,"template":"","meta":{"_seopress_robots_primary_cat":"","_seopress_titles_title":"","_seopress_titles_desc":"","_seopress_robots_index":"","_seopress_analysis_target_kw":"","iawp_total_views":3},"product_brand":[],"product_cat":[93],"product_tag":[],"class_list":{"0":"post-55308","1":"product","2":"type-product","3":"status-publish","4":"has-post-thumbnail","6":"product_cat-colliers-pierres-precieuses","8":"first","9":"instock","10":"shipping-taxable","11":"purchasable","12":"product-type-variable"},"_links":{"self":[{"href":"https:\/\/www.tc26-bijoux.com\/index.php?rest_route=\/wp\/v2\/product\/55308","targetHints":{"allow":["GET"]}}],"collection":[{"href":"https:\/\/www.tc26-bijoux.com\/index.php?rest_route=\/wp\/v2\/product"}],"about":[{"href":"https:\/\/www.tc26-bijoux.com\/index.php?rest_route=\/wp\/v2\/types\/product"}],"wp:featuredmedia":[{"embeddable":true,"href":"https:\/\/www.tc26-bijoux.com\/index.php?rest_route=\/wp\/v2\/media\/14355"}],"wp:attachment":[{"href":"https:\/\/www.tc26-bijoux.com\/index.php?rest_route=%2Fwp%2Fv2%2Fmedia&parent=55308"}],"wp:term":[{"taxonomy":"product_brand","embeddable":true,"href":"https:\/\/www.tc26-bijoux.com\/index.php?rest_route=%2Fwp%2Fv2%2Fproduct_brand&post=55308"},{"taxonomy":"product_cat","embeddable":true,"href":"https:\/\/www.tc26-bijoux.com\/index.php?rest_route=%2Fwp%2Fv2%2Fproduct_cat&post=55308"},{"taxonomy":"product_tag","embeddable":true,"href":"https:\/\/www.tc26-bijoux.com\/index.php?rest_route=%2Fwp%2Fv2%2Fproduct_tag&post=55308"}],"curies":[{"name":"wp","href":"https:\/\/api.w.org\/{rel}","templated":true}]}}