{"id":55357,"date":"2025-03-12T12:07:17","date_gmt":"2025-03-12T11:07:17","guid":{"rendered":"https:\/\/www.tc26-bijoux.com\/?post_type=product&#038;p=55357"},"modified":"2025-03-21T14:10:31","modified_gmt":"2025-03-21T13:10:31","slug":"riviere-diamants-audrey","status":"publish","type":"product","link":"https:\/\/www.tc26-bijoux.com\/?product=riviere-diamants-audrey","title":{"rendered":"Rivi\u00e8re Diamants Audrey"},"content":{"rendered":"<p>Le collier Rivi\u00e8re Audrey en or 18 carats et diamants est un bijou luxueux en or blanc. Il est orn\u00e9 de diamants d&rsquo;un poids total de 2,40 carats ou 6,10 carats, avec une couleur G et une puret\u00e9 VS, garantissant leur \u00e9clat et leur qualit\u00e9 exceptionnels. Ce collier est con\u00e7u dans un style intemporel de collier rivi\u00e8re, o\u00f9 les diamants sont d\u00e9licatement sertis tout au long de la cha\u00eene, cr\u00e9ant une brillance continue. Le collier Rivi\u00e8re Audrey en or 18 carats et diamants est un choix parfait pour des occasions sp\u00e9ciales ou pour ajouter une touche de sophistication \u00e0 votre tenue quotidienne.<\/p>\n","protected":false},"excerpt":{"rendered":"<p>Mati\u00e8re : Or 18 carat\u00a0<\/p>\n<p>Couleur m\u00e9tal : Blanc\u00a0<\/p>\n<p>Nature des Pierres : Diamants\u00a0\u00a0<\/p>\n<p>Poid total des Diamants : 2.40\u00a0\/ 6.10\u00a0Carats\u00a0<\/p>\n<p>Couleur\u00a0 des Diamants : G<\/p>\n<p>Puret\u00e9 des Diamants : VS<\/p>\n<p>R\u00e9f\u00e9rence : N8724\u00a0\/ N8714<\/p>\n","protected":false},"featured_media":11139,"template":"","meta":{"_seopress_robots_primary_cat":"","_seopress_titles_title":"","_seopress_titles_desc":"","_seopress_robots_index":"","_seopress_analysis_target_kw":"","iawp_total_views":6},"product_brand":[],"product_cat":[90],"product_tag":[],"class_list":{"0":"post-55357","1":"product","2":"type-product","3":"status-publish","4":"has-post-thumbnail","6":"product_cat-colliers-rivieres","8":"first","9":"instock","10":"shipping-taxable","11":"purchasable","12":"product-type-variable"},"_links":{"self":[{"href":"https:\/\/www.tc26-bijoux.com\/index.php?rest_route=\/wp\/v2\/product\/55357","targetHints":{"allow":["GET"]}}],"collection":[{"href":"https:\/\/www.tc26-bijoux.com\/index.php?rest_route=\/wp\/v2\/product"}],"about":[{"href":"https:\/\/www.tc26-bijoux.com\/index.php?rest_route=\/wp\/v2\/types\/product"}],"wp:featuredmedia":[{"embeddable":true,"href":"https:\/\/www.tc26-bijoux.com\/index.php?rest_route=\/wp\/v2\/media\/11139"}],"wp:attachment":[{"href":"https:\/\/www.tc26-bijoux.com\/index.php?rest_route=%2Fwp%2Fv2%2Fmedia&parent=55357"}],"wp:term":[{"taxonomy":"product_brand","embeddable":true,"href":"https:\/\/www.tc26-bijoux.com\/index.php?rest_route=%2Fwp%2Fv2%2Fproduct_brand&post=55357"},{"taxonomy":"product_cat","embeddable":true,"href":"https:\/\/www.tc26-bijoux.com\/index.php?rest_route=%2Fwp%2Fv2%2Fproduct_cat&post=55357"},{"taxonomy":"product_tag","embeddable":true,"href":"https:\/\/www.tc26-bijoux.com\/index.php?rest_route=%2Fwp%2Fv2%2Fproduct_tag&post=55357"}],"curies":[{"name":"wp","href":"https:\/\/api.w.org\/{rel}","templated":true}]}}