{"id":55870,"date":"2025-03-12T12:09:52","date_gmt":"2025-03-12T11:09:52","guid":{"rendered":"https:\/\/www.tc26-bijoux.com\/?post_type=product&#038;p=55870"},"modified":"2025-03-21T14:11:08","modified_gmt":"2025-03-21T13:11:08","slug":"identite-bb-or-jaune-ayele","status":"publish","type":"product","link":"https:\/\/www.tc26-bijoux.com\/?product=identite-bb-or-jaune-ayele","title":{"rendered":"Identit\u00e9 BB or jaune Ayele"},"content":{"rendered":"<p>Le bracelet Ayele en or 18 carats est sp\u00e9cialement con\u00e7u pour les b\u00e9b\u00e9s. Il est disponible en trois couleurs : jaune, blanc et rose. Fabriqu\u00e9 avec soin et attention, ce bracelet offre \u00e0 votre b\u00e9b\u00e9 un bijou pr\u00e9cieux et s\u00fbr. Il est con\u00e7u pour s&rsquo;adapter confortablement au poignet d\u00e9licat de votre b\u00e9b\u00e9. Le bracelet Ayele est un cadeau parfait pour marquer une occasion sp\u00e9ciale et ajouter une touche d&rsquo;\u00e9l\u00e9gance \u00e0 l&rsquo;apparence de votre b\u00e9b\u00e9.<\/p>\n","protected":false},"excerpt":{"rendered":"<p>Le bracelet Ayele en or 18 carats est sp\u00e9cialement con\u00e7u pour les b\u00e9b\u00e9s. Il est disponible en trois couleurs : jaune, blanc et rose. Fabriqu\u00e9 avec<span class=\"excerpt-hellip\"> [\u2026]<\/span><\/p>\n","protected":false},"featured_media":12870,"template":"","meta":{"_seopress_robots_primary_cat":"","_seopress_titles_title":"","_seopress_titles_desc":"","_seopress_robots_index":"","_seopress_analysis_target_kw":"","iawp_total_views":1},"product_brand":[],"product_cat":[95],"product_tag":[],"class_list":{"0":"post-55870","1":"product","2":"type-product","3":"status-publish","4":"has-post-thumbnail","6":"product_cat-identite-bebe","8":"first","9":"instock","10":"shipping-taxable","11":"purchasable","12":"product-type-variable"},"_links":{"self":[{"href":"https:\/\/www.tc26-bijoux.com\/index.php?rest_route=\/wp\/v2\/product\/55870","targetHints":{"allow":["GET"]}}],"collection":[{"href":"https:\/\/www.tc26-bijoux.com\/index.php?rest_route=\/wp\/v2\/product"}],"about":[{"href":"https:\/\/www.tc26-bijoux.com\/index.php?rest_route=\/wp\/v2\/types\/product"}],"wp:featuredmedia":[{"embeddable":true,"href":"https:\/\/www.tc26-bijoux.com\/index.php?rest_route=\/wp\/v2\/media\/12870"}],"wp:attachment":[{"href":"https:\/\/www.tc26-bijoux.com\/index.php?rest_route=%2Fwp%2Fv2%2Fmedia&parent=55870"}],"wp:term":[{"taxonomy":"product_brand","embeddable":true,"href":"https:\/\/www.tc26-bijoux.com\/index.php?rest_route=%2Fwp%2Fv2%2Fproduct_brand&post=55870"},{"taxonomy":"product_cat","embeddable":true,"href":"https:\/\/www.tc26-bijoux.com\/index.php?rest_route=%2Fwp%2Fv2%2Fproduct_cat&post=55870"},{"taxonomy":"product_tag","embeddable":true,"href":"https:\/\/www.tc26-bijoux.com\/index.php?rest_route=%2Fwp%2Fv2%2Fproduct_tag&post=55870"}],"curies":[{"name":"wp","href":"https:\/\/api.w.org\/{rel}","templated":true}]}}