{"id":55925,"date":"2025-03-12T12:10:08","date_gmt":"2025-03-12T11:10:08","guid":{"rendered":"https:\/\/www.tc26-bijoux.com\/?post_type=product&#038;p=55925"},"modified":"2025-03-21T14:11:11","modified_gmt":"2025-03-21T13:11:11","slug":"bracelet-bb-or-jaune-alex","status":"publish","type":"product","link":"https:\/\/www.tc26-bijoux.com\/?product=bracelet-bb-or-jaune-alex","title":{"rendered":"Bracelet BB Or Jaune Alex"},"content":{"rendered":"<p>Ce bracelet \u00ab\u00a0Alex\u00a0\u00bb incarne l&rsquo;\u00e9l\u00e9gance intemporelle et la qualit\u00e9 sup\u00e9rieure de l&rsquo;or 18 carats, ajoutant une touche de sophistication \u00e0 l&rsquo;identit\u00e9 de votre b\u00e9b\u00e9. Que ce soit pour une c\u00e9r\u00e9monie sp\u00e9ciale, un \u00e9v\u00e9nement marquant ou simplement pour c\u00e9l\u00e9brer l&rsquo;arriv\u00e9e de votre petit tr\u00e9sor, ce bijou pr\u00e9cieux symbolise l&rsquo;amour et l&rsquo;importance de ce moment unique.<\/p>\n","protected":false},"excerpt":{"rendered":"<p>Ce bracelet \u00ab\u00a0Alex\u00a0\u00bb incarne l&rsquo;\u00e9l\u00e9gance intemporelle et la qualit\u00e9 sup\u00e9rieure de l&rsquo;or 18 carats, ajoutant une touche de sophistication \u00e0 l&rsquo;identit\u00e9 de votre b\u00e9b\u00e9. Que ce<span class=\"excerpt-hellip\"> [\u2026]<\/span><\/p>\n","protected":false},"featured_media":12909,"template":"","meta":{"_seopress_robots_primary_cat":"","_seopress_titles_title":"","_seopress_titles_desc":"","_seopress_robots_index":"","_seopress_analysis_target_kw":"","iawp_total_views":0},"product_brand":[],"product_cat":[95],"product_tag":[],"class_list":{"0":"post-55925","1":"product","2":"type-product","3":"status-publish","4":"has-post-thumbnail","6":"product_cat-identite-bebe","8":"first","9":"instock","10":"shipping-taxable","11":"purchasable","12":"product-type-variable"},"_links":{"self":[{"href":"https:\/\/www.tc26-bijoux.com\/index.php?rest_route=\/wp\/v2\/product\/55925","targetHints":{"allow":["GET"]}}],"collection":[{"href":"https:\/\/www.tc26-bijoux.com\/index.php?rest_route=\/wp\/v2\/product"}],"about":[{"href":"https:\/\/www.tc26-bijoux.com\/index.php?rest_route=\/wp\/v2\/types\/product"}],"wp:featuredmedia":[{"embeddable":true,"href":"https:\/\/www.tc26-bijoux.com\/index.php?rest_route=\/wp\/v2\/media\/12909"}],"wp:attachment":[{"href":"https:\/\/www.tc26-bijoux.com\/index.php?rest_route=%2Fwp%2Fv2%2Fmedia&parent=55925"}],"wp:term":[{"taxonomy":"product_brand","embeddable":true,"href":"https:\/\/www.tc26-bijoux.com\/index.php?rest_route=%2Fwp%2Fv2%2Fproduct_brand&post=55925"},{"taxonomy":"product_cat","embeddable":true,"href":"https:\/\/www.tc26-bijoux.com\/index.php?rest_route=%2Fwp%2Fv2%2Fproduct_cat&post=55925"},{"taxonomy":"product_tag","embeddable":true,"href":"https:\/\/www.tc26-bijoux.com\/index.php?rest_route=%2Fwp%2Fv2%2Fproduct_tag&post=55925"}],"curies":[{"name":"wp","href":"https:\/\/api.w.org\/{rel}","templated":true}]}}