{"id":56193,"date":"2025-03-12T12:11:33","date_gmt":"2025-03-12T11:11:33","guid":{"rendered":"https:\/\/www.tc26-bijoux.com\/?post_type=product&#038;p=56193"},"modified":"2025-03-21T14:11:28","modified_gmt":"2025-03-21T13:11:28","slug":"boucles-doreille-or-18-carats-et-diamants-colette","status":"publish","type":"product","link":"https:\/\/www.tc26-bijoux.com\/?product=boucles-doreille-or-18-carats-et-diamants-colette","title":{"rendered":"Boucles d&rsquo;oreille Or 18 Carats et Diamants Colette"},"content":{"rendered":"<p>Les boucles d&rsquo;oreille Colette en or 18 carats sont orn\u00e9es de diamants d&rsquo;une puret\u00e9 de GVS. Le caratage total des diamants sur les boucles d&rsquo;oreille est de 1,50 carats. Les dimensions de ces boucles d&rsquo;oreille sont de 12&#215;31 mm, ce qui leur conf\u00e8re une taille \u00e9l\u00e9gante et attrayante. Elles sont con\u00e7ues pour ajouter une touche de glamour et de sophistication \u00e0 votre tenue. Les diamants scintillants et la qualit\u00e9 de l&rsquo;or 18 carats font des boucles d&rsquo;oreille Colette un choix luxueux et intemporel pour les amateurs de bijoux haut de gamme.<\/p>\n","protected":false},"excerpt":{"rendered":"<p>Mati\u00e8re : Or 18 carat\u00a0<\/p>\n<p>Couleur m\u00e9tal : Blanc\u00a0<\/p>\n<p>Nature des Pierres : Diamants\u00a0<\/p>\n<p>Caratage\u00a0 total des Pierres\u00a0\u00a0: 1.50\u00a0Carats<\/p>\n<p>Puret\u00e9 \u00a0Diamants : GVS\u00a0<\/p>\n<p>Dimensions : 12&#215;31\u00a0 mm\u00a0<\/p>\n<p>R\u00e9f\u00e9rence : XYE3612<\/p>\n","protected":false},"featured_media":8410,"template":"","meta":{"_seopress_robots_primary_cat":"","_seopress_titles_title":"","_seopress_titles_desc":"","_seopress_robots_index":"","_seopress_analysis_target_kw":"","iawp_total_views":1},"product_brand":[],"product_cat":[83],"product_tag":[],"class_list":{"0":"post-56193","1":"product","2":"type-product","3":"status-publish","4":"has-post-thumbnail","6":"product_cat-pendantes-diamants","8":"first","9":"instock","10":"shipping-taxable","11":"purchasable","12":"product-type-variable"},"_links":{"self":[{"href":"https:\/\/www.tc26-bijoux.com\/index.php?rest_route=\/wp\/v2\/product\/56193","targetHints":{"allow":["GET"]}}],"collection":[{"href":"https:\/\/www.tc26-bijoux.com\/index.php?rest_route=\/wp\/v2\/product"}],"about":[{"href":"https:\/\/www.tc26-bijoux.com\/index.php?rest_route=\/wp\/v2\/types\/product"}],"wp:featuredmedia":[{"embeddable":true,"href":"https:\/\/www.tc26-bijoux.com\/index.php?rest_route=\/wp\/v2\/media\/8410"}],"wp:attachment":[{"href":"https:\/\/www.tc26-bijoux.com\/index.php?rest_route=%2Fwp%2Fv2%2Fmedia&parent=56193"}],"wp:term":[{"taxonomy":"product_brand","embeddable":true,"href":"https:\/\/www.tc26-bijoux.com\/index.php?rest_route=%2Fwp%2Fv2%2Fproduct_brand&post=56193"},{"taxonomy":"product_cat","embeddable":true,"href":"https:\/\/www.tc26-bijoux.com\/index.php?rest_route=%2Fwp%2Fv2%2Fproduct_cat&post=56193"},{"taxonomy":"product_tag","embeddable":true,"href":"https:\/\/www.tc26-bijoux.com\/index.php?rest_route=%2Fwp%2Fv2%2Fproduct_tag&post=56193"}],"curies":[{"name":"wp","href":"https:\/\/api.w.org\/{rel}","templated":true}]}}