{"id":56868,"date":"2025-03-12T12:15:06","date_gmt":"2025-03-12T11:15:06","guid":{"rendered":"https:\/\/www.tc26-bijoux.com\/?post_type=product&#038;p=56868"},"modified":"2025-03-21T14:12:16","modified_gmt":"2025-03-21T13:12:16","slug":"collier-or-18-carats-et-diamants-fulya-2","status":"publish","type":"product","link":"https:\/\/www.tc26-bijoux.com\/?product=collier-or-18-carats-et-diamants-fulya-2","title":{"rendered":"Collier Or 18 Carats et Diamants Fulya"},"content":{"rendered":"<p>Collier Or 18 Carats et Diamants Fulya : Un bijou d&rsquo;une grande finesse, orn\u00e9 d&rsquo;un diamant central de 0.20 carats. Le poids total des diamants est de 0.30 carats, offrant un \u00e9clat subtil. Avec sa couleur G et sa puret\u00e9 VS, ce collier incarne l&rsquo;\u00e9l\u00e9gance et la sophistication. Une cr\u00e9ation sur mesure, alliant luxe, tendance et modernit\u00e9, qui saura captiver tous les regards.<\/p>\n","protected":false},"excerpt":{"rendered":"<p>Collier Or 18 Carats et Diamants Fulya : Un bijou d&rsquo;une grande finesse, orn\u00e9 d&rsquo;un diamant central de 0.20 carats. Le poids total des diamants est<span class=\"excerpt-hellip\"> [\u2026]<\/span><\/p>\n","protected":false},"featured_media":1887,"template":"","meta":{"_seopress_robots_primary_cat":"","_seopress_titles_title":"","_seopress_titles_desc":"","_seopress_robots_index":"","_seopress_analysis_target_kw":"","iawp_total_views":1},"product_brand":[],"product_cat":[80],"product_tag":[],"class_list":{"0":"post-56868","1":"product","2":"type-product","3":"status-publish","4":"has-post-thumbnail","6":"product_cat-pendentif-diamant","8":"first","9":"instock","10":"shipping-taxable","11":"purchasable","12":"product-type-variable"},"_links":{"self":[{"href":"https:\/\/www.tc26-bijoux.com\/index.php?rest_route=\/wp\/v2\/product\/56868","targetHints":{"allow":["GET"]}}],"collection":[{"href":"https:\/\/www.tc26-bijoux.com\/index.php?rest_route=\/wp\/v2\/product"}],"about":[{"href":"https:\/\/www.tc26-bijoux.com\/index.php?rest_route=\/wp\/v2\/types\/product"}],"wp:featuredmedia":[{"embeddable":true,"href":"https:\/\/www.tc26-bijoux.com\/index.php?rest_route=\/wp\/v2\/media\/1887"}],"wp:attachment":[{"href":"https:\/\/www.tc26-bijoux.com\/index.php?rest_route=%2Fwp%2Fv2%2Fmedia&parent=56868"}],"wp:term":[{"taxonomy":"product_brand","embeddable":true,"href":"https:\/\/www.tc26-bijoux.com\/index.php?rest_route=%2Fwp%2Fv2%2Fproduct_brand&post=56868"},{"taxonomy":"product_cat","embeddable":true,"href":"https:\/\/www.tc26-bijoux.com\/index.php?rest_route=%2Fwp%2Fv2%2Fproduct_cat&post=56868"},{"taxonomy":"product_tag","embeddable":true,"href":"https:\/\/www.tc26-bijoux.com\/index.php?rest_route=%2Fwp%2Fv2%2Fproduct_tag&post=56868"}],"curies":[{"name":"wp","href":"https:\/\/api.w.org\/{rel}","templated":true}]}}