{"id":57063,"date":"2025-03-12T12:16:10","date_gmt":"2025-03-12T11:16:10","guid":{"rendered":"https:\/\/www.tc26-bijoux.com\/?post_type=product&#038;p=57063"},"modified":"2025-03-21T14:12:27","modified_gmt":"2025-03-21T13:12:27","slug":"collier-diamants-et-or-18-carats-paz","status":"publish","type":"product","link":"https:\/\/www.tc26-bijoux.com\/?product=collier-diamants-et-or-18-carats-paz","title":{"rendered":"Collier Diamants et Or 18 Carats Paz"},"content":{"rendered":"<p>Le collier Paz est un superbe bijou en or 18 carats orn\u00e9 de diamants. Les diamants ont un poids total de 0.90 carat et une couleur G, ce qui leur conf\u00e8re une belle luminosit\u00e9. Ils ont \u00e9galement une puret\u00e9 VS, garantissant ainsi leur clart\u00e9 et leur qualit\u00e9. Le collier pr\u00e9sente un design \u00e9l\u00e9gant avec des dimensions de 15.2 mm de largeur et 29 mm de hauteur. Sa taille et sa brillance en font un choix id\u00e9al pour compl\u00e9ter une tenue sp\u00e9ciale ou pour \u00eatre port\u00e9 au quotidien. Le collier Paz est disponible en couleur blanc, ajoutant une touche de sophistication et d&rsquo;\u00e9clat \u00e0 votre apparence.<\/p>\n","protected":false},"excerpt":{"rendered":"<p>Mati\u00e8re : Or 18 carat\u00a0<\/p>\n<p>Couleur m\u00e9tal : Blanc<\/p>\n<p>Nature des Pierres : Diamants\u00a0<\/p>\n<p>Poid total des Diamants : 0.90 Carats\u00a0<\/p>\n<p>Couleur\u00a0 des Diamants : G<\/p>\n<p>Puret\u00e9 des Diamants : VS<\/p>\n<p>Dimension : 15.2&#215;29\u00a0mm<\/p>\n<p>R\u00e9f\u00e9rence : XYP4494<\/p>\n","protected":false},"featured_media":1972,"template":"","meta":{"_seopress_robots_primary_cat":"","_seopress_titles_title":"","_seopress_titles_desc":"","_seopress_robots_index":"","_seopress_analysis_target_kw":"","iawp_total_views":1},"product_brand":[],"product_cat":[80],"product_tag":[],"class_list":{"0":"post-57063","1":"product","2":"type-product","3":"status-publish","4":"has-post-thumbnail","6":"product_cat-pendentif-diamant","8":"first","9":"instock","10":"shipping-taxable","11":"purchasable","12":"product-type-variable"},"_links":{"self":[{"href":"https:\/\/www.tc26-bijoux.com\/index.php?rest_route=\/wp\/v2\/product\/57063","targetHints":{"allow":["GET"]}}],"collection":[{"href":"https:\/\/www.tc26-bijoux.com\/index.php?rest_route=\/wp\/v2\/product"}],"about":[{"href":"https:\/\/www.tc26-bijoux.com\/index.php?rest_route=\/wp\/v2\/types\/product"}],"wp:featuredmedia":[{"embeddable":true,"href":"https:\/\/www.tc26-bijoux.com\/index.php?rest_route=\/wp\/v2\/media\/1972"}],"wp:attachment":[{"href":"https:\/\/www.tc26-bijoux.com\/index.php?rest_route=%2Fwp%2Fv2%2Fmedia&parent=57063"}],"wp:term":[{"taxonomy":"product_brand","embeddable":true,"href":"https:\/\/www.tc26-bijoux.com\/index.php?rest_route=%2Fwp%2Fv2%2Fproduct_brand&post=57063"},{"taxonomy":"product_cat","embeddable":true,"href":"https:\/\/www.tc26-bijoux.com\/index.php?rest_route=%2Fwp%2Fv2%2Fproduct_cat&post=57063"},{"taxonomy":"product_tag","embeddable":true,"href":"https:\/\/www.tc26-bijoux.com\/index.php?rest_route=%2Fwp%2Fv2%2Fproduct_tag&post=57063"}],"curies":[{"name":"wp","href":"https:\/\/api.w.org\/{rel}","templated":true}]}}