{"id":57762,"date":"2025-03-12T12:19:43","date_gmt":"2025-03-12T11:19:43","guid":{"rendered":"https:\/\/www.tc26-bijoux.com\/?post_type=product&#038;p=57762"},"modified":"2025-03-21T14:13:24","modified_gmt":"2025-03-21T13:13:24","slug":"puce-diamants-et-or-18-carats-fiora","status":"publish","type":"product","link":"https:\/\/www.tc26-bijoux.com\/?product=puce-diamants-et-or-18-carats-fiora","title":{"rendered":"Puce Diamants et Or 18 Carats Fiora"},"content":{"rendered":"<p>Les puces d&rsquo;oreilles \u00ab\u00a0Fiora\u00a0\u00bb sont de magnifiques bijoux en or 18 carats orn\u00e9s de diamants d&rsquo;une couleur G et d&rsquo;une puret\u00e9 VS. Le poids total des diamants sur les deux puces est de 0,80 carats, apportant une touche de brillance et de sophistication. Avec des dimensions de 6,6 x 7,9 mm, ces puces d&rsquo;oreilles sont de taille compacte, parfaites pour ajouter une subtile touche de luxe \u00e0 votre apparence. L&rsquo;association de l&rsquo;or \u00e9tincelant et des diamants scintillants conf\u00e8re \u00e0 ces puces d&rsquo;oreilles une \u00e9l\u00e9gance classique et intemporelle.<\/p>\n","protected":false},"excerpt":{"rendered":"<p>Mati\u00e8re : Or 18 carat\u00a0<\/p>\n<p>Couleur m\u00e9tal : Blanc\u00a0<\/p>\n<p>Nature des Pierres : Diamants\u00a0<\/p>\n<p>Poid\u00a0 total des Diamants\u00a0\u00a0: 0.80\u00a0Carats<\/p>\n<p>Couleur des Diamants : G<\/p>\n<p>Puret\u00e9 des Diamants : VS<\/p>\n<p>Dimensions : 6.6&#215;7.9\u00a0mm\u00a0<\/p>\n<p>R\u00e9f\u00e9rence : XYE1541<\/p>\n","protected":false},"featured_media":8496,"template":"","meta":{"_seopress_robots_primary_cat":"","_seopress_titles_title":"","_seopress_titles_desc":"","_seopress_robots_index":"","_seopress_analysis_target_kw":"","iawp_total_views":3},"product_brand":[],"product_cat":[81],"product_tag":[],"class_list":{"0":"post-57762","1":"product","2":"type-product","3":"status-publish","4":"has-post-thumbnail","6":"product_cat-puces-diamants","8":"first","9":"instock","10":"shipping-taxable","11":"purchasable","12":"product-type-variable"},"_links":{"self":[{"href":"https:\/\/www.tc26-bijoux.com\/index.php?rest_route=\/wp\/v2\/product\/57762","targetHints":{"allow":["GET"]}}],"collection":[{"href":"https:\/\/www.tc26-bijoux.com\/index.php?rest_route=\/wp\/v2\/product"}],"about":[{"href":"https:\/\/www.tc26-bijoux.com\/index.php?rest_route=\/wp\/v2\/types\/product"}],"wp:featuredmedia":[{"embeddable":true,"href":"https:\/\/www.tc26-bijoux.com\/index.php?rest_route=\/wp\/v2\/media\/8496"}],"wp:attachment":[{"href":"https:\/\/www.tc26-bijoux.com\/index.php?rest_route=%2Fwp%2Fv2%2Fmedia&parent=57762"}],"wp:term":[{"taxonomy":"product_brand","embeddable":true,"href":"https:\/\/www.tc26-bijoux.com\/index.php?rest_route=%2Fwp%2Fv2%2Fproduct_brand&post=57762"},{"taxonomy":"product_cat","embeddable":true,"href":"https:\/\/www.tc26-bijoux.com\/index.php?rest_route=%2Fwp%2Fv2%2Fproduct_cat&post=57762"},{"taxonomy":"product_tag","embeddable":true,"href":"https:\/\/www.tc26-bijoux.com\/index.php?rest_route=%2Fwp%2Fv2%2Fproduct_tag&post=57762"}],"curies":[{"name":"wp","href":"https:\/\/api.w.org\/{rel}","templated":true}]}}